CRAN Package Check Results for Package hddplot

Last updated on 2024-07-19 08:54:57 CEST.

Flavor Version Tinstall Tcheck Ttotal Status Flags
r-devel-linux-x86_64-debian-clang 0.59-2 10.20 121.93 132.13 OK
r-devel-linux-x86_64-debian-gcc 0.59-2 8.75 91.66 100.41 OK
r-devel-linux-x86_64-fedora-clang 0.59-2 170.30 OK
r-devel-linux-x86_64-fedora-gcc 0.59-2 170.14 OK
r-devel-windows-x86_64 0.59-2 10.00 120.00 130.00 OK
r-patched-linux-x86_64 0.59-2 11.07 117.80 128.87 OK
r-release-linux-x86_64 0.59-2 10.16 117.12 127.28 OK
r-release-macos-arm64 0.59-2 52.00 OK
r-release-macos-x86_64 0.59-2 85.00 WARN
r-release-windows-x86_64 0.59-2 10.00 116.00 126.00 OK
r-oldrel-macos-arm64 0.59-2 64.00 OK
r-oldrel-macos-x86_64 0.59-2 176.00 OK
r-oldrel-windows-x86_64 0.59-2 11.00 134.00 145.00 OK

Check Details

Version: 0.59-2
Check: re-building of vignette outputs
Result: WARN Error(s) in re-building vignettes: ... --- re-building ‘QUICKhddplot.Rnw’ using knitr Error: processing vignette 'QUICKhddplot.Rnw' failed with diagnostics: Running 'texi2dvi' on 'QUICKhddplot.tex' failed. LaTeX errors: ! Undefined control sequence. l.86 \hlkwd{library}\hldef {(hddplot)} ? ! Emergency stop. ! Emergency stop. l.86 End of file on the terminal! ! ==> Fatal error occurred, no output PDF file produced! --- failed re-building ‘QUICKhddplot.Rnw’ SUMMARY: processing the following file failed: ‘QUICKhddplot.Rnw’ Error: Vignette re-building failed. Execution halted Flavor: r-release-macos-x86_64