Last updated on 2024-06-12 19:54:22 CEST.
Flavor | Version | Tinstall | Tcheck | Ttotal | Status | Flags |
---|---|---|---|---|---|---|
r-devel-linux-x86_64-debian-clang | 0.1.1 | 1.61 | 24.30 | 25.91 | OK | |
r-devel-linux-x86_64-debian-gcc | 0.1.1 | 1.83 | 18.19 | 20.02 | ERROR | |
r-devel-linux-x86_64-fedora-clang | 0.1.1 | 34.33 | OK | |||
r-devel-linux-x86_64-fedora-gcc | 0.1.1 | 32.17 | OK | |||
r-devel-windows-x86_64 | 0.1.1 | 3.00 | 41.00 | 44.00 | OK | |
r-patched-linux-x86_64 | 0.1.1 | 2.40 | 24.25 | 26.65 | OK | |
r-release-linux-x86_64 | 0.1.1 | 1.49 | 23.32 | 24.81 | OK | |
r-release-macos-arm64 | 0.1.1 | 16.00 | OK | |||
r-release-macos-x86_64 | 0.1.1 | 28.00 | OK | |||
r-release-windows-x86_64 | 0.1.1 | 3.00 | 46.00 | 49.00 | OK | |
r-oldrel-macos-arm64 | 0.1.1 | 16.00 | OK | |||
r-oldrel-macos-x86_64 | 0.1.1 | 20.00 | OK | |||
r-oldrel-windows-x86_64 | 0.1.1 | 3.00 | 43.00 | 46.00 | OK |
Version: 0.1.1
Check: package dependencies
Result: NOTE
Package suggested but not available for checking: ‘testthat’
Flavor: r-devel-linux-x86_64-debian-gcc
Version: 0.1.1
Check: tests
Result: ERROR
Running ‘testthat.R’ [0s/1s]
Running the tests in ‘tests/testthat.R’ failed.
Complete output:
> library(testthat)
Error in library(testthat) : there is no package called 'testthat'
Execution halted
Flavor: r-devel-linux-x86_64-debian-gcc