Last updated on 2024-06-12 19:54:22 CEST.
Flavor | Version | Tinstall | Tcheck | Ttotal | Status | Flags |
---|---|---|---|---|---|---|
r-devel-linux-x86_64-debian-clang | 0.1.0 | 8.54 | 77.65 | 86.19 | OK | |
r-devel-linux-x86_64-debian-gcc | 0.1.0 | 0.28 | 1.61 | 1.89 | ERROR | |
r-devel-linux-x86_64-fedora-clang | 0.1.0 | 120.86 | OK | |||
r-devel-linux-x86_64-fedora-gcc | 0.1.0 | 115.37 | OK | |||
r-devel-windows-x86_64 | 0.1.0 | 11.00 | 80.00 | 91.00 | OK | |
r-patched-linux-x86_64 | 0.1.0 | 8.30 | 75.14 | 83.44 | OK | |
r-release-linux-x86_64 | 0.1.0 | 5.92 | 74.07 | 79.99 | OK | |
r-release-macos-arm64 | 0.1.0 | 38.00 | OK | |||
r-release-macos-x86_64 | 0.1.0 | 53.00 | OK | |||
r-release-windows-x86_64 | 0.1.0 | 11.00 | 82.00 | 93.00 | OK | |
r-oldrel-macos-arm64 | 0.1.0 | 37.00 | OK | |||
r-oldrel-macos-x86_64 | 0.1.0 | 65.00 | OK | |||
r-oldrel-windows-x86_64 | 0.1.0 | 12.00 | 96.00 | 108.00 | OK |
Version: 0.1.0
Check: package dependencies
Result: ERROR
Packages required but not available: 'forecast', 'nnfor', 'WaveletArima'
Package suggested but not available for checking: ‘ggplot2’
See section ‘The DESCRIPTION file’ in the ‘Writing R Extensions’
manual.
Flavor: r-devel-linux-x86_64-debian-gcc