Last updated on 2024-06-12 19:54:23 CEST.
Flavor | Version | Tinstall | Tcheck | Ttotal | Status | Flags |
---|---|---|---|---|---|---|
r-devel-linux-x86_64-debian-clang | 0.0.12 | 35.72 | 77.42 | 113.14 | OK | |
r-devel-linux-x86_64-debian-gcc | 0.0.12 | 0.40 | 1.75 | 2.15 | ERROR | |
r-devel-linux-x86_64-fedora-clang | 0.0.12 | 152.40 | OK | |||
r-devel-linux-x86_64-fedora-gcc | 0.0.12 | 141.52 | OK | |||
r-devel-windows-x86_64 | 0.0.12 | 29.00 | 89.00 | 118.00 | OK | |
r-patched-linux-x86_64 | 0.0.12 | 29.16 | 72.72 | 101.88 | OK | |
r-release-linux-x86_64 | 0.0.12 | 33.97 | 75.22 | 109.19 | OK | |
r-release-macos-arm64 | 0.0.12 | 38.00 | OK | |||
r-release-macos-x86_64 | 0.0.12 | 52.00 | OK | |||
r-release-windows-x86_64 | 0.0.12 | 31.00 | 92.00 | 123.00 | OK | |
r-oldrel-macos-arm64 | 0.0.12 | 42.00 | OK | |||
r-oldrel-macos-x86_64 | 0.0.12 | 65.00 | OK | |||
r-oldrel-windows-x86_64 | 0.0.12 | 39.00 | 111.00 | 150.00 | OK |
Version: 0.0.12
Check: package dependencies
Result: ERROR
Packages required but not available:
'dplyr', 'ggplot2', 'ggfittext', 'progress', 'tibble', 'tidyr'
Package suggested but not available for checking: ‘testthat’
See section ‘The DESCRIPTION file’ in the ‘Writing R Extensions’
manual.
Flavor: r-devel-linux-x86_64-debian-gcc