CRAN Package Check Results for Package jSDM

Last updated on 2024-07-15 08:49:00 CEST.

Flavor Version Tinstall Tcheck Ttotal Status Flags
r-devel-linux-x86_64-debian-clang 0.2.6 1183.90 355.13 1539.03 NOTE
r-devel-linux-x86_64-debian-gcc 0.2.6 786.82 249.32 1036.14 NOTE
r-devel-linux-x86_64-fedora-clang 0.2.6 2127.22 NOTE
r-devel-linux-x86_64-fedora-gcc 0.2.6 2271.68 NOTE
r-devel-windows-x86_64 0.2.6 881.00 398.00 1279.00 NOTE
r-patched-linux-x86_64 0.2.6 942.86 337.99 1280.85 NOTE
r-release-linux-x86_64 0.2.6 945.52 329.52 1275.04 NOTE
r-release-macos-arm64 0.2.6 377.00 NOTE
r-release-macos-x86_64 0.2.6 417.00 NOTE
r-release-windows-x86_64 0.2.6 875.00 397.00 1272.00 NOTE
r-oldrel-macos-arm64 0.2.6 372.00 NOTE
r-oldrel-macos-x86_64 0.2.6 480.00 NOTE
r-oldrel-windows-x86_64 0.2.6 1060.00 472.00 1532.00 NOTE

Check Details

Version: 0.2.6
Check: Rd files
Result: NOTE checkRd: (-1) jSDM_binomial_probit_long_format.Rd:45: Lost braces 45 | \code{species} \tab numeric or character eqn{n_{obs}}{n_obs}-length vector indicating the species observed, \cr | ^ checkRd: (-1) jSDM_binomial_probit_long_format.Rd:45: Lost braces; missing escapes or markup? 45 | \code{species} \tab numeric or character eqn{n_{obs}}{n_obs}-length vector indicating the species observed, \cr | ^ checkRd: (-1) jSDM_binomial_probit_long_format.Rd:45: Lost braces 45 | \code{species} \tab numeric or character eqn{n_{obs}}{n_obs}-length vector indicating the species observed, \cr | ^ Flavors: r-devel-linux-x86_64-debian-clang, r-devel-linux-x86_64-debian-gcc, r-devel-linux-x86_64-fedora-clang, r-devel-linux-x86_64-fedora-gcc, r-devel-windows-x86_64, r-patched-linux-x86_64, r-release-linux-x86_64, r-release-macos-arm64, r-release-macos-x86_64, r-release-windows-x86_64

Version: 0.2.6
Check: installed package size
Result: NOTE installed size is 5.0Mb sub-directories of 1Mb or more: libs 3.6Mb Flavors: r-devel-windows-x86_64, r-release-macos-arm64, r-release-macos-x86_64, r-release-windows-x86_64, r-oldrel-macos-arm64, r-oldrel-macos-x86_64, r-oldrel-windows-x86_64