Last updated on 2024-06-12 19:54:24 CEST.
Flavor | Version | Tinstall | Tcheck | Ttotal | Status | Flags |
---|---|---|---|---|---|---|
r-devel-linux-x86_64-debian-clang | 0.1.1 | 8.40 | 82.94 | 91.34 | OK | |
r-devel-linux-x86_64-debian-gcc | 0.1.1 | 0.41 | 1.69 | 2.10 | ERROR | |
r-devel-linux-x86_64-fedora-clang | 0.1.1 | 114.10 | OK | |||
r-devel-linux-x86_64-fedora-gcc | 0.1.1 | 109.06 | OK | |||
r-devel-windows-x86_64 | 0.1.1 | 8.00 | 77.00 | 85.00 | OK | |
r-patched-linux-x86_64 | 0.1.1 | 8.66 | 82.11 | 90.77 | OK | |
r-release-linux-x86_64 | 0.1.1 | 7.28 | 80.88 | 88.16 | OK | |
r-release-macos-arm64 | 0.1.1 | 38.00 | OK | |||
r-release-macos-x86_64 | 0.1.1 | 61.00 | OK | |||
r-release-windows-x86_64 | 0.1.1 | 8.00 | 90.00 | 98.00 | OK | |
r-oldrel-macos-arm64 | 0.1.1 | 27.00 | OK | |||
r-oldrel-macos-x86_64 | 0.1.1 | 48.00 | OK | |||
r-oldrel-windows-x86_64 | 0.1.1 | 11.00 | 98.00 | 109.00 | OK |
Version: 0.1.1
Check: package dependencies
Result: ERROR
Packages required but not available: 'stringr', 'ggplot2'
See section ‘The DESCRIPTION file’ in the ‘Writing R Extensions’
manual.
Flavor: r-devel-linux-x86_64-debian-gcc