Last updated on 2025-01-19 16:48:22 CET.
Flavor | Version | Tinstall | Tcheck | Ttotal | Status | Flags |
---|---|---|---|---|---|---|
r-devel-linux-x86_64-debian-clang | 0.1 | 8.76 | 62.84 | 71.60 | NOTE | |
r-devel-linux-x86_64-debian-gcc | 0.1 | 7.32 | 47.75 | 55.07 | NOTE | |
r-devel-linux-x86_64-fedora-clang | 0.1 | 121.73 | NOTE | |||
r-devel-linux-x86_64-fedora-gcc | 0.1 | 127.33 | NOTE | |||
r-devel-windows-x86_64 | 0.1 | 9.00 | 70.00 | 79.00 | NOTE | |
r-patched-linux-x86_64 | 0.1 | 7.77 | 59.67 | 67.44 | NOTE | |
r-release-linux-x86_64 | 0.1 | 8.65 | 61.45 | 70.10 | NOTE | |
r-release-macos-arm64 | 0.1 | 58.00 | NOTE | |||
r-release-macos-x86_64 | 0.1 | 78.00 | NOTE | |||
r-release-windows-x86_64 | 0.1 | 8.00 | 144.00 | 152.00 | NOTE | |
r-oldrel-macos-arm64 | 0.1 | 38.00 | NOTE | |||
r-oldrel-macos-x86_64 | 0.1 | 65.00 | NOTE | |||
r-oldrel-windows-x86_64 | 0.1 | 8.00 | 73.00 | 81.00 | NOTE |
Version: 0.1
Check: package subdirectories
Result: NOTE
Problems with news in ‘NEWS.md’:
Cannot extract version info from the following section titles:
pre-release juicr (2017 - 2021)
Flavors: r-devel-linux-x86_64-debian-clang, r-devel-linux-x86_64-debian-gcc, r-devel-linux-x86_64-fedora-clang, r-devel-linux-x86_64-fedora-gcc, r-devel-windows-x86_64, r-patched-linux-x86_64, r-release-linux-x86_64, r-release-macos-arm64, r-release-macos-x86_64, r-release-windows-x86_64, r-oldrel-macos-arm64, r-oldrel-macos-x86_64, r-oldrel-windows-x86_64