CRAN Package Check Results for Package knockoff

Last updated on 2024-07-17 19:55:47 CEST.

Flavor Version Tinstall Tcheck Ttotal Status Flags
r-devel-linux-x86_64-debian-clang 0.3.6 3.59 152.02 155.61 NOTE
r-devel-linux-x86_64-debian-gcc 0.3.6 2.82 117.94 120.76 NOTE
r-devel-linux-x86_64-fedora-clang 0.3.6 188.87 NOTE
r-devel-linux-x86_64-fedora-gcc 0.3.6 208.00 NOTE
r-devel-windows-x86_64 0.3.6 4.00 180.00 184.00 NOTE
r-patched-linux-x86_64 0.3.6 4.90 147.89 152.79 NOTE
r-release-linux-x86_64 0.3.6 3.38 151.45 154.83 NOTE
r-release-macos-arm64 0.3.6 68.00 NOTE
r-release-macos-x86_64 0.3.6 105.00 NOTE
r-release-windows-x86_64 0.3.6 4.00 179.00 183.00 NOTE
r-oldrel-macos-arm64 0.3.6 71.00 OK
r-oldrel-macos-x86_64 0.3.6 115.00 OK
r-oldrel-windows-x86_64 0.3.6 5.00 209.00 214.00 OK

Check Details

Version: 0.3.6
Check: Rd files
Result: NOTE checkRd: (-1) knockoff.Rd:22-24: Lost braces in \itemize; meant \describe ? checkRd: (-1) knockoff.Rd:25-27: Lost braces in \itemize; meant \describe ? Flavors: r-devel-linux-x86_64-debian-clang, r-devel-linux-x86_64-debian-gcc, r-devel-linux-x86_64-fedora-clang, r-devel-linux-x86_64-fedora-gcc, r-devel-windows-x86_64, r-patched-linux-x86_64, r-release-linux-x86_64, r-release-macos-arm64, r-release-macos-x86_64, r-release-windows-x86_64