Last updated on 2024-06-12 19:54:25 CEST.
Flavor | Version | Tinstall | Tcheck | Ttotal | Status | Flags |
---|---|---|---|---|---|---|
r-devel-linux-x86_64-debian-clang | 1.0.0 | 4.93 | 42.23 | 47.16 | NOTE | |
r-devel-linux-x86_64-debian-gcc | 2.0.0 | 0.76 | 1.74 | 2.50 | ERROR | |
r-devel-linux-x86_64-fedora-clang | 2.0.0 | 83.92 | OK | |||
r-devel-linux-x86_64-fedora-gcc | 2.0.0 | 78.38 | OK | |||
r-devel-windows-x86_64 | 2.0.0 | 8.00 | 73.00 | 81.00 | OK | |
r-patched-linux-x86_64 | 1.0.0 | 12.15 | 40.13 | 52.28 | NOTE | |
r-release-linux-x86_64 | 1.0.0 | 5.75 | 40.89 | 46.64 | NOTE | |
r-release-macos-arm64 | 2.0.0 | 29.00 | OK | |||
r-release-macos-x86_64 | 2.0.0 | 71.00 | OK | |||
r-release-windows-x86_64 | 1.0.0 | 8.00 | 60.00 | 68.00 | NOTE | |
r-oldrel-macos-arm64 | 2.0.0 | 37.00 | OK | |||
r-oldrel-macos-x86_64 | 2.0.0 | 58.00 | OK | |||
r-oldrel-windows-x86_64 | 2.0.0 | 9.00 | 85.00 | 94.00 | OK |
Version: 1.0.0
Check: Rd files
Result: NOTE
checkRd: (-1) search-options.Rd:23: Lost braces; missing escapes or markup?
23 | \item{url}{url for search by ajax request, ex: "search.php?q={s}". Can be function that returns string for dynamic parameter setting.}
| ^
Flavors: r-devel-linux-x86_64-debian-clang, r-patched-linux-x86_64, r-release-linux-x86_64, r-release-windows-x86_64
Version: 1.0.0
Check: LazyData
Result: NOTE
'LazyData' is specified without a 'data' directory
Flavors: r-devel-linux-x86_64-debian-clang, r-patched-linux-x86_64, r-release-linux-x86_64, r-release-windows-x86_64
Version: 2.0.0
Check: package dependencies
Result: ERROR
Package required but not available: ‘stringr’
Packages suggested but not available for checking: 'readr', 'testthat'
See section ‘The DESCRIPTION file’ in the ‘Writing R Extensions’
manual.
Flavor: r-devel-linux-x86_64-debian-gcc