CRAN Package Check Results for Package lmmpar

Last updated on 2024-07-12 07:52:44 CEST.

Flavor Version Tinstall Tcheck Ttotal Status Flags
r-devel-linux-x86_64-debian-clang 0.1.0 1.88 35.78 37.66 NOTE
r-devel-linux-x86_64-debian-gcc 0.1.0 1.43 26.70 28.13 NOTE
r-devel-linux-x86_64-fedora-clang 0.1.0 47.14 NOTE
r-devel-linux-x86_64-fedora-gcc 0.1.0 44.21 NOTE
r-devel-windows-x86_64 0.1.0 3.00 52.00 55.00 NOTE
r-patched-linux-x86_64 0.1.0 1.81 34.08 35.89 NOTE
r-release-linux-x86_64 0.1.0 2.13 33.89 36.02 NOTE
r-release-macos-arm64 0.1.0 20.00 NOTE
r-release-macos-x86_64 0.1.0 26.00 NOTE
r-release-windows-x86_64 0.1.0 3.00 53.00 56.00 NOTE
r-oldrel-macos-arm64 0.1.0 20.00 NOTE
r-oldrel-macos-x86_64 0.1.0 26.00 NOTE
r-oldrel-windows-x86_64 0.1.0 3.00 53.00 56.00 NOTE

Check Details

Version: 0.1.0
Check: LazyData
Result: NOTE 'LazyData' is specified without a 'data' directory Flavors: r-devel-linux-x86_64-debian-clang, r-devel-linux-x86_64-debian-gcc, r-devel-linux-x86_64-fedora-clang, r-devel-linux-x86_64-fedora-gcc, r-devel-windows-x86_64, r-patched-linux-x86_64, r-release-linux-x86_64, r-release-macos-arm64, r-release-macos-x86_64, r-release-windows-x86_64, r-oldrel-macos-arm64, r-oldrel-macos-x86_64, r-oldrel-windows-x86_64

Version: 0.1.0
Check: dependencies in R code
Result: NOTE Namespace in Imports field not imported from: ‘mnormt’ All declared Imports should be used. Flavors: r-devel-linux-x86_64-fedora-clang, r-devel-linux-x86_64-fedora-gcc