Last updated on 2025-04-30 12:49:09 CEST.
Flavor | Version | Tinstall | Tcheck | Ttotal | Status | Flags |
---|---|---|---|---|---|---|
r-devel-linux-x86_64-debian-clang | 1.0.7 | 2.08 | 55.58 | 57.66 | NOTE | |
r-devel-linux-x86_64-debian-gcc | 1.0.7 | 1.36 | 38.26 | 39.62 | NOTE | |
r-devel-linux-x86_64-fedora-clang | 1.0.7 | 91.87 | OK | |||
r-devel-linux-x86_64-fedora-gcc | 1.0.7 | 80.38 | OK | |||
r-devel-windows-x86_64 | 1.0.7 | 3.00 | 80.00 | 83.00 | OK | |
r-patched-linux-x86_64 | 1.0.7 | 2.33 | 51.13 | 53.46 | OK | |
r-release-linux-x86_64 | 1.0.7 | 2.12 | 50.68 | 52.80 | OK | |
r-release-macos-arm64 | 1.0.7 | 31.00 | OK | |||
r-release-macos-x86_64 | 1.0.7 | 68.00 | OK | |||
r-release-windows-x86_64 | 1.0.7 | 3.00 | 73.00 | 76.00 | OK | |
r-oldrel-macos-arm64 | 1.0.7 | 27.00 | OK | |||
r-oldrel-macos-x86_64 | 1.0.7 | 63.00 | OK | |||
r-oldrel-windows-x86_64 | 1.0.7 | 4.00 | 82.00 | 86.00 | OK |
Version: 1.0.7
Check: CRAN incoming feasibility
Result: NOTE
Maintainer: ‘Steven Rozen <steverozen@pm.me>’
Package CITATION file contains call(s) to old-style citEntry(). Please
use bibentry() instead.
Flavors: r-devel-linux-x86_64-debian-clang, r-devel-linux-x86_64-debian-gcc