Last updated on 2025-05-01 01:49:36 CEST.
Flavor | Version | Tinstall | Tcheck | Ttotal | Status | Flags |
---|---|---|---|---|---|---|
r-devel-linux-x86_64-debian-clang | 2.4.5 | 6.28 | 49.08 | 55.36 | NOTE | |
r-devel-linux-x86_64-debian-gcc | 2.4.5 | 4.25 | 35.38 | 39.63 | NOTE | |
r-devel-linux-x86_64-fedora-clang | 2.4.5 | 86.66 | OK | |||
r-devel-linux-x86_64-fedora-gcc | 2.4.5 | 83.55 | OK | |||
r-devel-windows-x86_64 | 2.4.5 | 8.00 | 77.00 | 85.00 | NOTE | |
r-patched-linux-x86_64 | 2.4.5 | 6.87 | 47.60 | 54.47 | NOTE | |
r-release-linux-x86_64 | 2.4.5 | 7.06 | 47.09 | 54.15 | NOTE | |
r-release-macos-arm64 | 2.4.5 | 31.00 | OK | |||
r-release-macos-x86_64 | 2.4.5 | 60.00 | OK | |||
r-release-windows-x86_64 | 2.4.5 | 9.00 | 81.00 | 90.00 | NOTE | |
r-oldrel-macos-arm64 | 2.4.5 | 28.00 | OK | |||
r-oldrel-macos-x86_64 | 2.4.5 | 45.00 | OK | |||
r-oldrel-windows-x86_64 | 2.4.5 | 8.00 | 77.00 | 85.00 | OK |
Version: 2.4.5
Check: CRAN incoming feasibility
Result: NOTE
Maintainer: ‘Aaron Robotham <aaron.robotham@uwa.edu.au>’
No Authors@R field in DESCRIPTION.
Please add one, modifying
Authors@R: person(given = "Aaron",
family = "Robotham",
role = c("aut", "cre"),
email = "aaron.robotham@uwa.edu.au")
as necessary.
Flavors: r-devel-linux-x86_64-debian-clang, r-devel-linux-x86_64-debian-gcc
Version: 2.4.5
Check: Rd cross-references
Result: NOTE
Found the following Rd file(s) with Rd \link{} targets missing package
anchors:
magerr.Rd: draw.ellipse
magproj.Rd: mapproject, deg2hms, deg2dms
Please provide package anchors for all Rd \link{} targets not in the
package itself and the base packages.
Flavors: r-devel-linux-x86_64-debian-clang, r-devel-linux-x86_64-debian-gcc, r-devel-windows-x86_64, r-patched-linux-x86_64, r-release-linux-x86_64, r-release-windows-x86_64
Version: 2.4.5
Check: examples
Result: NOTE
Examples with CPU (user + system) or elapsed time > 5s
user system elapsed
magbin 6.071 0.039 7.314
Flavor: r-devel-linux-x86_64-debian-clang