Last updated on 2025-01-19 01:48:26 CET.
Flavor | Version | Tinstall | Tcheck | Ttotal | Status | Flags |
---|---|---|---|---|---|---|
r-devel-linux-x86_64-debian-clang | 1.0.10 | 40.20 | 350.99 | 391.19 | NOTE | |
r-devel-linux-x86_64-debian-gcc | 1.0.10 | 24.66 | 240.74 | 265.40 | NOTE | |
r-devel-linux-x86_64-fedora-clang | 1.0.10 | 639.13 | OK | |||
r-devel-linux-x86_64-fedora-gcc | 1.0.10 | 612.26 | OK | |||
r-devel-windows-x86_64 | 1.0.10 | 35.00 | 301.00 | 336.00 | NOTE | |
r-patched-linux-x86_64 | 1.0.10 | 40.05 | 333.00 | 373.05 | OK | |
r-release-linux-x86_64 | 1.0.10 | 32.46 | 333.14 | 365.60 | OK | |
r-release-macos-arm64 | 1.0.10 | 139.00 | OK | |||
r-release-macos-x86_64 | 1.0.10 | 231.00 | OK | |||
r-release-windows-x86_64 | 1.0.10 | 37.00 | 315.00 | 352.00 | OK | |
r-oldrel-macos-arm64 | 1.0.10 | 151.00 | OK | |||
r-oldrel-macos-x86_64 | 1.0.10 | 267.00 | OK | |||
r-oldrel-windows-x86_64 | 1.0.10 | 44.00 | 398.00 | 442.00 | OK |
Version: 1.0.10
Check: Rd cross-references
Result: NOTE
Found the following Rd file(s) with Rd \link{} targets missing package
anchors:
autoplot.bathy.Rd: coord_map
get.area.Rd: areaPolygon
plotArea.Rd: areaPolygon
Please provide package anchors for all Rd \link{} targets not in the
package itself and the base packages.
Flavors: r-devel-linux-x86_64-debian-clang, r-devel-linux-x86_64-debian-gcc, r-devel-windows-x86_64