Last updated on 2024-06-12 19:54:26 CEST.
Flavor | Version | Tinstall | Tcheck | Ttotal | Status | Flags |
---|---|---|---|---|---|---|
r-devel-linux-x86_64-debian-clang | 1.16 | 5.25 | 39.71 | 44.96 | OK | |
r-devel-linux-x86_64-debian-gcc | 1.16 | 4.25 | 20.15 | 24.40 | ERROR | |
r-devel-linux-x86_64-fedora-clang | 1.16 | 56.90 | OK | |||
r-devel-linux-x86_64-fedora-gcc | 1.16 | 54.04 | OK | |||
r-devel-windows-x86_64 | 1.16 | 8.00 | 52.00 | 60.00 | OK | |
r-patched-linux-x86_64 | 1.16 | 4.79 | 38.17 | 42.96 | OK | |
r-release-linux-x86_64 | 1.16 | 4.76 | 38.73 | 43.49 | OK | |
r-release-macos-arm64 | 1.16 | 22.00 | OK | |||
r-release-macos-x86_64 | 1.16 | 30.00 | OK | |||
r-release-windows-x86_64 | 1.16 | 8.00 | 52.00 | 60.00 | OK | |
r-oldrel-macos-arm64 | 1.16 | 28.00 | OK | |||
r-oldrel-macos-x86_64 | 1.16 | 58.00 | OK | |||
r-oldrel-windows-x86_64 | 1.16 | 9.00 | 61.00 | 70.00 | OK |
Version: 1.16
Check: package dependencies
Result: NOTE
Package suggested but not available for checking: ‘testthat’
Flavor: r-devel-linux-x86_64-debian-gcc
Version: 1.16
Check: tests
Result: ERROR
Running ‘testthat.R’ [0s/1s]
Running the tests in ‘tests/testthat.R’ failed.
Complete output:
> library("testthat")
Error in library("testthat") : there is no package called 'testthat'
Execution halted
Flavor: r-devel-linux-x86_64-debian-gcc