CRAN Package Check Results for Package meerva

Last updated on 2025-01-17 10:48:28 CET.

Flavor Version Tinstall Tcheck Ttotal Status Flags
r-devel-linux-x86_64-debian-clang 0.2-2 4.77 39.50 44.27 OK
r-devel-linux-x86_64-debian-gcc 0.2-2 3.05 28.94 31.99 OK
r-devel-linux-x86_64-fedora-clang 0.2-2 75.37 NOTE
r-devel-linux-x86_64-fedora-gcc 0.2-2 82.75 NOTE
r-devel-windows-x86_64 0.2-2 9.00 62.00 71.00 OK
r-patched-linux-x86_64 0.2-2 4.88 37.19 42.07 OK
r-release-linux-x86_64 0.2-2 4.16 37.57 41.73 OK
r-release-macos-arm64 0.2-2 28.00 OK
r-release-macos-x86_64 0.2-2 45.00 OK
r-release-windows-x86_64 0.2-2 7.00 59.00 66.00 OK
r-oldrel-macos-arm64 0.2-2 32.00 OK
r-oldrel-macos-x86_64 0.2-2 39.00 OK
r-oldrel-windows-x86_64 0.2-2 7.00 65.00 72.00 OK

Check Details

Version: 0.2-2
Check: dependencies in R code
Result: NOTE Namespace in Imports field not imported from: ‘dplyr’ All declared Imports should be used. Flavors: r-devel-linux-x86_64-fedora-clang, r-devel-linux-x86_64-fedora-gcc