CRAN Package Check Results for Package mhtboot

Last updated on 2025-04-23 12:49:39 CEST.

Flavor Version Tinstall Tcheck Ttotal Status Flags
r-devel-linux-x86_64-debian-clang 1.3.3 4.60 88.97 93.57 OK
r-devel-linux-x86_64-debian-gcc 1.3.3 3.79 56.05 59.84 OK
r-devel-linux-x86_64-fedora-clang 1.3.3 150.14 OK
r-devel-linux-x86_64-fedora-gcc 1.3.3 163.71 OK
r-devel-windows-x86_64 1.3.3 7.00 105.00 112.00 OK
r-patched-linux-x86_64 1.3.3 4.22 83.77 87.99 OK
r-release-linux-x86_64 1.3.3 4.95 84.53 89.48 OK
r-release-macos-arm64 1.3.3 63.00 OK
r-release-macos-x86_64 1.3.3 78.00 OK
r-release-windows-x86_64 1.3.3 7.00 107.00 114.00 OK
r-oldrel-macos-arm64 1.3.3 42.00 NOTE
r-oldrel-macos-x86_64 1.3.3 100.00 NOTE
r-oldrel-windows-x86_64 1.3.3 9.00 129.00 138.00 NOTE

Check Details

Version: 1.3.3
Check: LazyData
Result: NOTE 'LazyData' is specified without a 'data' directory Flavors: r-oldrel-macos-arm64, r-oldrel-macos-x86_64, r-oldrel-windows-x86_64