CRAN Package Check Results for Package mice

Last updated on 2024-07-13 19:54:07 CEST.

Flavor Version Tinstall Tcheck Ttotal Status Flags
r-devel-linux-x86_64-debian-clang 3.16.0 56.72 319.03 375.75 NOTE
r-devel-linux-x86_64-debian-gcc 3.16.0 41.62 224.24 265.86 NOTE
r-devel-linux-x86_64-fedora-clang 3.16.0 490.60 NOTE
r-devel-linux-x86_64-fedora-gcc 3.16.0 262.75 NOTE
r-devel-windows-x86_64 3.16.0 50.00 284.00 334.00 NOTE
r-patched-linux-x86_64 3.16.0 40.54 286.69 327.23 NOTE
r-release-linux-x86_64 3.16.0 37.51 300.75 338.26 NOTE
r-release-macos-arm64 3.16.0 118.00 NOTE
r-release-macos-x86_64 3.16.0 173.00 NOTE
r-release-windows-x86_64 3.16.0 53.00 300.00 353.00 NOTE
r-oldrel-macos-arm64 3.16.0 90.00 OK
r-oldrel-macos-x86_64 3.16.0 164.00 OK
r-oldrel-windows-x86_64 3.16.0 69.00 373.00 442.00 OK

Check Details

Version: 3.16.0
Check: Rd files
Result: NOTE checkRd: (-1) ampute.Rd:143: Lost braces 143 | we refer to \doi{10.1177/0049124118799376}{Schouten and Vink, 2018}. | ^ checkRd: (-1) ampute.Rd:188: Lost braces 188 | \doi{10.1080/00949655.2018.1491577}{Schouten, Lugtig and Vink, 2018}. | ^ checkRd: (-1) ampute.Rd:223: Lost braces 223 | Schouten, R.M. and Vink, G. (2018){The Dance of the Mechanisms: How Observed Information Influences the Validity of Missingness Assumptions}. | ^ checkRd: (-1) mice.Rd:348: Lost braces; missing escapes or markup? 348 | The \pkg{mice} software was published in the {Journal of Statistical Software} (Van Buuren and Groothuis-Oudshoorn, 2011). \doi{10.18637/jss.v045.i03} | ^ checkRd: (-1) mice.impute.pmm.Rd:87: Lost braces; missing escapes or markup? 87 | \item{Construct \eqn{n_0} sets \eqn{Z_j}, each containing \eqn{d} candidate donors, from Y_{obs} such that \eqn{\sum_d\dot\eta(i,j)} is minimum for all \eqn{j=1,\dots,n_0}. Break ties randomly.} | ^ Flavors: r-devel-linux-x86_64-debian-clang, r-devel-linux-x86_64-debian-gcc, r-devel-linux-x86_64-fedora-clang, r-devel-linux-x86_64-fedora-gcc, r-devel-windows-x86_64, r-patched-linux-x86_64, r-release-linux-x86_64, r-release-macos-arm64, r-release-macos-x86_64, r-release-windows-x86_64

Version: 3.16.0
Check: Rd cross-references
Result: NOTE Found the following Rd file(s) with Rd \link{} targets missing package anchors: bwplot.mads.Rd: Lattice bwplot.mids.Rd: lattice densityplot.mids.Rd: lattice mice.impute.cart.Rd: rpart.control plot.mids.Rd: panel.xyplot stripplot.mids.Rd: lattice xyplot.mads.Rd: lattice, Lattice xyplot.mids.Rd: lattice Please provide package anchors for all Rd \link{} targets not in the package itself and the base packages. Flavor: r-devel-windows-x86_64