Last updated on 2025-01-18 01:48:28 CET.
Flavor | Version | Tinstall | Tcheck | Ttotal | Status | Flags |
---|---|---|---|---|---|---|
r-devel-linux-x86_64-debian-clang | 1.2.1 | 10.78 | 417.24 | 428.02 | OK | |
r-devel-linux-x86_64-debian-gcc | 1.3.0 | 7.75 | 274.66 | 282.41 | OK | |
r-devel-linux-x86_64-fedora-clang | 1.3.0 | 688.48 | OK | |||
r-devel-linux-x86_64-fedora-gcc | 1.3.0 | 644.41 | OK | |||
r-devel-windows-x86_64 | 1.3.0 | 15.00 | 232.00 | 247.00 | OK | |
r-patched-linux-x86_64 | 1.2.1 | 13.35 | 368.08 | 381.43 | OK | |
r-release-linux-x86_64 | 1.2.1 | 9.88 | 368.51 | 378.39 | OK | |
r-release-macos-arm64 | 1.3.0 | 112.00 | OK | |||
r-release-macos-x86_64 | 1.3.0 | 241.00 | OK | |||
r-release-windows-x86_64 | 1.2.1 | 12.00 | 241.00 | 253.00 | OK | |
r-oldrel-macos-arm64 | 1.3.0 | 121.00 | OK | |||
r-oldrel-macos-x86_64 | 1.3.0 | 318.00 | OK | |||
r-oldrel-windows-x86_64 | 1.2.1 | 14.00 | 341.00 | 355.00 | WARN |
Version: 1.2.1
Check: examples
Result: WARN
Found the following significant warnings:
Warning: 'maximization_to_minimization' is deprecated.
Warning: 'maximization_to_minimization' is deprecated.
Warning: 'maximization_to_minimization' is deprecated.
Warning: 'maximization_to_minimization' is deprecated.
Warning: 'maximization_to_minimization' is deprecated.
Warning: 'maximization_to_minimization' is deprecated.
Warning: 'maximization_to_minimization' is deprecated.
Warning: 'maximization_to_minimization' is deprecated.
Warning: 'maximization_to_minimization' is deprecated.
Warning: 'maximization_to_minimization' is deprecated.
Deprecated functions may be defunct as soon as of the next release of
R.
See ?Deprecated.
Flavor: r-oldrel-windows-x86_64