CRAN Package Check Results for Package mosaic

Last updated on 2024-07-14 19:49:39 CEST.

Flavor Version Tinstall Tcheck Ttotal Status Flags
r-devel-linux-x86_64-debian-clang 1.9.1 25.98 457.88 483.86 OK
r-devel-linux-x86_64-debian-gcc 1.9.1 22.87 324.87 347.74 OK
r-devel-linux-x86_64-fedora-clang 1.9.1 592.99 NOTE
r-devel-linux-x86_64-fedora-gcc 1.9.1 575.30 OK
r-devel-windows-x86_64 1.9.1 24.00 337.00 361.00 NOTE
r-patched-linux-x86_64 1.9.1 29.39 420.76 450.15 OK
r-release-linux-x86_64 1.9.1 22.98 436.96 459.94 OK
r-release-macos-arm64 1.9.1 149.00 OK
r-release-macos-x86_64 1.9.1 275.00 WARN
r-release-windows-x86_64 1.9.1 25.00 342.00 367.00 OK
r-oldrel-macos-arm64 1.9.1 146.00 OK
r-oldrel-macos-x86_64 1.9.1 235.00 OK
r-oldrel-windows-x86_64 1.9.1 34.00 436.00 470.00 OK

Check Details

Version: 1.9.1
Check: Rd cross-references
Result: NOTE Undeclared package ‘cubature’ in Rd xrefs Flavor: r-devel-linux-x86_64-fedora-clang

Version: 1.9.1
Check: Rd cross-references
Result: NOTE Found the following Rd file(s) with Rd \link{} targets missing package anchors: chisq.Rd: after_stat freqpolygon.Rd: densityplot plotCumfreq.Rd: densityplot plotModel.Rd: xyplot themes.Rd: trellis.par.set, show.settings xpnorm.Rd: qqmath Please provide package anchors for all Rd \link{} targets not in the package itself and the base packages. Flavor: r-devel-windows-x86_64

Version: 1.9.1
Check: re-building of vignette outputs
Result: WARN Error(s) in re-building vignettes: --- re-building ‘Resampling.Rmd’ using rmarkdown --- finished re-building ‘Resampling.Rmd’ --- re-building ‘mosaic-resources.Rmd’ using rmarkdown --- finished re-building ‘mosaic-resources.Rmd’ --- re-building ‘MinimalRgg.Rnw’ using knitr Error: processing vignette 'MinimalRgg.Rnw' failed with diagnostics: Running 'texi2dvi' on 'MinimalRgg.tex' failed. LaTeX errors: ! Undefined control sequence. l.245 \hlkwd{apropos}\hldef {()} ? ! Emergency stop. ! Emergency stop. l.245 End of file on the terminal! ! ==> Fatal error occurred, no output PDF file produced! --- failed re-building ‘MinimalRgg.Rnw’ SUMMARY: processing the following file failed: ‘MinimalRgg.Rnw’ Error: Vignette re-building failed. Execution halted Flavor: r-release-macos-x86_64