Last updated on 2024-06-12 19:54:28 CEST.
Flavor | Version | Tinstall | Tcheck | Ttotal | Status | Flags |
---|---|---|---|---|---|---|
r-devel-linux-x86_64-debian-clang | 0.3.1 | 3.20 | 29.52 | 32.72 | NOTE | |
r-devel-linux-x86_64-debian-gcc | 0.3.1 | 2.40 | 20.64 | 23.04 | ERROR | |
r-devel-linux-x86_64-fedora-clang | 0.3.1 | 42.10 | NOTE | |||
r-devel-linux-x86_64-fedora-gcc | 0.3.1 | 39.29 | NOTE | |||
r-devel-windows-x86_64 | 0.3.1 | 3.00 | 51.00 | 54.00 | NOTE | |
r-patched-linux-x86_64 | 0.3.1 | 2.46 | 28.66 | 31.12 | NOTE | |
r-release-linux-x86_64 | 0.3.1 | 3.28 | 29.45 | 32.73 | NOTE | |
r-release-macos-arm64 | 0.3.1 | 18.00 | NOTE | |||
r-release-macos-x86_64 | 0.3.1 | 24.00 | NOTE | |||
r-release-windows-x86_64 | 0.3.1 | 3.00 | 53.00 | 56.00 | NOTE | |
r-oldrel-macos-arm64 | 0.3.1 | 22.00 | NOTE | |||
r-oldrel-macos-x86_64 | 0.3.1 | 24.00 | NOTE | |||
r-oldrel-windows-x86_64 | 0.3.1 | 3.00 | 51.00 | 54.00 | NOTE |
Version: 0.3.1
Check: LazyData
Result: NOTE
'LazyData' is specified without a 'data' directory
Flavors: r-devel-linux-x86_64-debian-clang, r-devel-linux-x86_64-debian-gcc, r-devel-linux-x86_64-fedora-clang, r-devel-linux-x86_64-fedora-gcc, r-devel-windows-x86_64, r-patched-linux-x86_64, r-release-linux-x86_64, r-release-macos-arm64, r-release-macos-x86_64, r-release-windows-x86_64, r-oldrel-macos-arm64, r-oldrel-macos-x86_64, r-oldrel-windows-x86_64
Version: 0.3.1
Check: package dependencies
Result: NOTE
Package suggested but not available for checking: ‘testthat’
Flavor: r-devel-linux-x86_64-debian-gcc
Version: 0.3.1
Check: tests
Result: ERROR
Running ‘testthat.R’ [0s/1s]
Running the tests in ‘tests/testthat.R’ failed.
Complete output:
> library(testthat)
Error in library(testthat) : there is no package called 'testthat'
Execution halted
Flavor: r-devel-linux-x86_64-debian-gcc