CRAN Package Check Results for Package multcomp

Last updated on 2024-07-14 19:49:39 CEST.

Flavor Version Tinstall Tcheck Ttotal Status Flags
r-devel-linux-x86_64-debian-clang 1.4-25 10.39 186.64 197.03 OK
r-devel-linux-x86_64-debian-gcc 1.4-25 6.90 135.27 142.17 OK
r-devel-linux-x86_64-fedora-clang 1.4-25 246.14 OK
r-devel-linux-x86_64-fedora-gcc 1.4-25 246.67 OK
r-devel-windows-x86_64 1.4-25 10.00 224.00 234.00 NOTE
r-patched-linux-x86_64 1.4-25 10.37 181.41 191.78 OK
r-release-linux-x86_64 1.4-25 10.35 178.56 188.91 OK
r-release-macos-arm64 1.4-25 88.00 OK
r-release-macos-x86_64 1.4-25 132.00 OK
r-release-windows-x86_64 1.4-25 10.00 228.00 238.00 OK
r-oldrel-macos-arm64 1.4-25 94.00 OK
r-oldrel-macos-x86_64 1.4-25 266.00 OK
r-oldrel-windows-x86_64 1.4-25 14.00 250.00 264.00 OK

Check Details

Version: 1.4-25
Check: Rd cross-references
Result: NOTE Found the following Rd file(s) with Rd \link{} targets missing package anchors: plot.cld.Rd: plot.survfit Please provide package anchors for all Rd \link{} targets not in the package itself and the base packages. Flavor: r-devel-windows-x86_64