CRAN Package Check Results for Package munfold

Last updated on 2024-07-20 08:49:47 CEST.

Flavor Version Tinstall Tcheck Ttotal Status Flags
r-devel-linux-x86_64-debian-clang 0.3.5 7.31 55.42 62.73 NOTE
r-devel-linux-x86_64-debian-gcc 0.3.5 4.96 39.27 44.23 NOTE
r-devel-linux-x86_64-fedora-clang 0.3.5 76.78 NOTE
r-devel-linux-x86_64-fedora-gcc 0.3.5 69.59 NOTE
r-devel-windows-x86_64 0.3.5 5.00 60.00 65.00 NOTE
r-patched-linux-x86_64 0.3.5 6.45 51.75 58.20 NOTE
r-release-linux-x86_64 0.3.5 6.01 50.04 56.05 NOTE
r-release-macos-arm64 0.3.5 22.00 NOTE
r-release-macos-x86_64 0.3.5 41.00 NOTE
r-release-windows-x86_64 0.3.5 5.00 55.00 60.00 NOTE
r-oldrel-macos-arm64 0.3.5 23.00 OK
r-oldrel-macos-x86_64 0.3.5 37.00 OK
r-oldrel-windows-x86_64 0.3.5 5.00 65.00 70.00 OK

Check Details

Version: 0.3.5
Check: Rd files
Result: NOTE checkRd: (-1) metricUnfolding.Rd:69-70: Lost braces in \itemize; meant \describe ? checkRd: (-1) metricUnfolding.Rd:71-72: Lost braces in \itemize; meant \describe ? checkRd: (-1) metricUnfolding.Rd:73-74: Lost braces in \itemize; meant \describe ? checkRd: (-1) metricUnfolding.Rd:75-79: Lost braces in \itemize; meant \describe ? checkRd: (-1) metricUnfolding.Rd:80-86: Lost braces in \itemize; meant \describe ? Flavors: r-devel-linux-x86_64-debian-clang, r-devel-linux-x86_64-debian-gcc, r-devel-linux-x86_64-fedora-clang, r-devel-linux-x86_64-fedora-gcc, r-devel-windows-x86_64, r-patched-linux-x86_64, r-release-linux-x86_64, r-release-macos-arm64, r-release-macos-x86_64, r-release-windows-x86_64