Last updated on 2024-06-12 19:54:28 CEST.
Flavor | Version | Tinstall | Tcheck | Ttotal | Status | Flags |
---|---|---|---|---|---|---|
r-devel-linux-x86_64-debian-clang | 6.0.1-11 | 18.60 | 29.81 | 48.41 | OK | |
r-devel-linux-x86_64-debian-gcc | 6.0.1-11 | 16.75 | 21.87 | 38.62 | ERROR | |
r-devel-linux-x86_64-fedora-clang | 6.0.1-11 | 69.02 | OK | |||
r-devel-linux-x86_64-fedora-gcc | 6.0.1-11 | 69.95 | OK | |||
r-devel-windows-x86_64 | 6.0.1-11 | 20.00 | 60.00 | 80.00 | OK | |
r-patched-linux-x86_64 | 6.0.1-11 | 19.29 | 28.92 | 48.21 | OK | |
r-release-linux-x86_64 | 6.0.1-11 | 20.60 | 28.38 | 48.98 | OK | |
r-release-macos-arm64 | 6.0.1-11 | 24.00 | OK | |||
r-release-macos-x86_64 | 6.0.1-11 | 33.00 | OK | |||
r-release-windows-x86_64 | 6.0.1-11 | 22.00 | 64.00 | 86.00 | OK | |
r-oldrel-macos-arm64 | 6.0.1-11 | 26.00 | OK | |||
r-oldrel-macos-x86_64 | 6.0.1-11 | 35.00 | OK | |||
r-oldrel-windows-x86_64 | 6.0.1-11 | 26.00 | 71.00 | 97.00 | OK |
Version: 6.0.1-11
Check: package dependencies
Result: NOTE
Package suggested but not available for checking: ‘testthat’
Flavor: r-devel-linux-x86_64-debian-gcc
Version: 6.0.1-11
Check: tests
Result: ERROR
Running ‘testthat.R’ [0s/0s]
Running the tests in ‘tests/testthat.R’ failed.
Complete output:
> library(testthat)
Error in library(testthat) : there is no package called 'testthat'
Execution halted
Flavor: r-devel-linux-x86_64-debian-gcc