CRAN Package Check Results for Package nawtilus

Last updated on 2024-07-25 20:46:24 CEST.

Flavor Version Tinstall Tcheck Ttotal Status Flags
r-devel-linux-x86_64-debian-clang 0.1.4 5.21 40.31 45.52 OK
r-devel-linux-x86_64-debian-gcc 0.1.4 4.22 30.24 34.46 OK
r-devel-linux-x86_64-fedora-clang 0.1.4 59.72 NOTE
r-devel-linux-x86_64-fedora-gcc 0.1.4 56.21 OK
r-devel-windows-x86_64 0.1.4 6.00 52.00 58.00 OK
r-patched-linux-x86_64 0.1.4 OK
r-release-linux-x86_64 0.1.4 4.81 38.15 42.96 OK
r-release-macos-arm64 0.1.4 20.00 OK
r-release-macos-x86_64 0.1.4 45.00 OK
r-release-windows-x86_64 0.1.4 6.00 50.00 56.00 OK
r-oldrel-macos-arm64 0.1.4 20.00 OK
r-oldrel-macos-x86_64 0.1.4 31.00 OK
r-oldrel-windows-x86_64 0.1.4 6.00 56.00 62.00 OK

Check Details

Version: 0.1.4
Check: Rd cross-references
Result: NOTE Undeclared package ‘CBPS’ in Rd xrefs Flavor: r-devel-linux-x86_64-fedora-clang