Last updated on 2024-06-12 19:54:29 CEST.
Flavor | Version | Tinstall | Tcheck | Ttotal | Status | Flags |
---|---|---|---|---|---|---|
r-devel-linux-x86_64-debian-clang | 0.1.0 | 12.52 | 98.21 | 110.73 | OK | |
r-devel-linux-x86_64-debian-gcc | 0.1.0 | 0.21 | 1.70 | 1.91 | ERROR | |
r-devel-linux-x86_64-fedora-clang | 0.1.0 | 136.64 | OK | |||
r-devel-linux-x86_64-fedora-gcc | 0.1.0 | 127.98 | OK | |||
r-devel-windows-x86_64 | 0.1.0 | 10.00 | 88.00 | 98.00 | OK | |
r-patched-linux-x86_64 | 0.1.0 | 11.08 | 92.66 | 103.74 | OK | |
r-release-linux-x86_64 | 0.1.0 | 8.73 | 92.27 | 101.00 | OK | |
r-release-macos-arm64 | 0.1.0 | 39.00 | OK | |||
r-release-macos-x86_64 | 0.1.0 | 59.00 | OK | |||
r-release-windows-x86_64 | 0.1.0 | 12.00 | 88.00 | 100.00 | OK | |
r-oldrel-macos-arm64 | 0.1.0 | 44.00 | OK | |||
r-oldrel-macos-x86_64 | 0.1.0 | 67.00 | OK | |||
r-oldrel-windows-x86_64 | 0.1.0 | 13.00 | 104.00 | 117.00 | OK |
Version: 0.1.0
Check: package dependencies
Result: ERROR
Packages required but not available: 'igraph', 'dplyr', 'vctrs'
See section ‘The DESCRIPTION file’ in the ‘Writing R Extensions’
manual.
Flavor: r-devel-linux-x86_64-debian-gcc