Last updated on 2025-01-23 22:49:57 CET.
Flavor | Version | Tinstall | Tcheck | Ttotal | Status | Flags |
---|---|---|---|---|---|---|
r-devel-linux-x86_64-debian-clang | 2.1.5 | 7.79 | 95.72 | 103.51 | OK | |
r-devel-linux-x86_64-debian-gcc | 2.1.5 | 5.78 | 72.58 | 78.36 | OK | |
r-devel-linux-x86_64-fedora-clang | 2.1.5 | 181.53 | OK | |||
r-devel-linux-x86_64-fedora-gcc | 2.1.5 | 191.05 | OK | |||
r-devel-windows-x86_64 | 2.1.5 | 10.00 | 125.00 | 135.00 | OK | |
r-patched-linux-x86_64 | 2.1.5 | 7.07 | 91.89 | 98.96 | NOTE | |
r-release-linux-x86_64 | 2.1.5 | 7.36 | 92.20 | 99.56 | NOTE | |
r-release-macos-arm64 | 2.1.5 | 54.00 | NOTE | |||
r-release-macos-x86_64 | 2.1.5 | 82.00 | NOTE | |||
r-release-windows-x86_64 | 2.1.5 | 8.00 | 127.00 | 135.00 | NOTE | |
r-oldrel-macos-arm64 | 2.1.5 | 59.00 | NOTE | |||
r-oldrel-macos-x86_64 | 2.1.5 | 92.00 | NOTE | |||
r-oldrel-windows-x86_64 | 2.1.5 | 11.00 | 136.00 | 147.00 | NOTE |
Version: 2.1.5
Check: LazyData
Result: NOTE
'LazyData' is specified without a 'data' directory
Flavors: r-patched-linux-x86_64, r-release-linux-x86_64, r-release-macos-arm64, r-release-macos-x86_64, r-release-windows-x86_64, r-oldrel-macos-arm64, r-oldrel-macos-x86_64, r-oldrel-windows-x86_64