CRAN Package Check Results for Package otp

Last updated on 2025-01-19 16:48:26 CET.

Flavor Version Tinstall Tcheck Ttotal Status Flags
r-devel-linux-x86_64-debian-clang 0.1.1 3.49 18.10 21.59 OK
r-devel-linux-x86_64-debian-gcc 0.1.1 2.98 15.62 18.60 OK
r-devel-linux-x86_64-fedora-clang 0.1.1 35.46 NOTE
r-devel-linux-x86_64-fedora-gcc 0.1.1 35.51 NOTE
r-devel-windows-x86_64 0.1.1 4.00 42.00 46.00 OK
r-patched-linux-x86_64 0.1.1 3.13 17.34 20.47 OK
r-release-linux-x86_64 0.1.1 3.11 17.48 20.59 OK
r-release-macos-arm64 0.1.1 16.00 OK
r-release-macos-x86_64 0.1.1 23.00 OK
r-release-windows-x86_64 0.1.1 4.00 42.00 46.00 OK
r-oldrel-macos-arm64 0.1.1 20.00 OK
r-oldrel-macos-x86_64 0.1.1 33.00 OK
r-oldrel-windows-x86_64 0.1.1 6.00 43.00 49.00 OK

Check Details

Version: 0.1.1
Check: dependencies in R code
Result: NOTE Namespaces in Imports field not imported from: ‘R6’ ‘openssl’ All declared Imports should be used. Flavors: r-devel-linux-x86_64-fedora-clang, r-devel-linux-x86_64-fedora-gcc