CRAN Package Check Results for Package palaeoSig

Last updated on 2024-07-15 19:53:59 CEST.

Flavor Version Tinstall Tcheck Ttotal Status Flags
r-devel-linux-x86_64-debian-clang 2.1-3 14.58 208.15 222.73 NOTE
r-devel-linux-x86_64-debian-gcc 2.1-3 11.57 147.41 158.98 NOTE
r-devel-linux-x86_64-fedora-clang 2.1-3 274.12 NOTE
r-devel-linux-x86_64-fedora-gcc 2.1-3 283.09 NOTE
r-devel-windows-x86_64 2.1-3 13.00 172.00 185.00 NOTE
r-patched-linux-x86_64 2.1-3 19.33 198.74 218.07 NOTE
r-release-linux-x86_64 2.1-3 7.99 197.68 205.67 NOTE
r-release-macos-arm64 2.1-3 85.00 NOTE
r-release-macos-x86_64 2.1-3 124.00 NOTE
r-release-windows-x86_64 2.1-3 13.00 172.00 185.00 NOTE
r-oldrel-macos-arm64 2.1-3 73.00 OK
r-oldrel-macos-x86_64 2.1-3 133.00 OK
r-oldrel-windows-x86_64 2.1-3 16.00 200.00 216.00 OK

Check Details

Version: 2.1-3
Check: Rd files
Result: NOTE checkRd: (-1) jointsig.Rd:43: Lost braces in \itemize; \value handles \item{}{} directly checkRd: (-1) jointsig.Rd:44-45: Lost braces in \itemize; \value handles \item{}{} directly checkRd: (-1) jointsig.Rd:46-48: Lost braces in \itemize; \value handles \item{}{} directly checkRd: (-1) jointsig.Rd:49-50: Lost braces in \itemize; \value handles \item{}{} directly checkRd: (-1) jointsig.Rd:51-52: Lost braces in \itemize; \value handles \item{}{} directly checkRd: (-1) jointsig.Rd:53: Lost braces in \itemize; \value handles \item{}{} directly checkRd: (-1) obs.cor.Rd:114-118: Lost braces in \itemize; \value handles \item{}{} directly checkRd: (-1) obs.cor.Rd:119-122: Lost braces in \itemize; \value handles \item{}{} directly checkRd: (-1) obs.cor.Rd:123-124: Lost braces in \itemize; \value handles \item{}{} directly checkRd: (-1) predict.agelme.Rd:25: Lost braces in \itemize; \value handles \item{}{} directly checkRd: (-1) predict.agelme.Rd:26: Lost braces in \itemize; \value handles \item{}{} directly checkRd: (-1) predict.agelme.Rd:27: Lost braces in \itemize; \value handles \item{}{} directly checkRd: (-1) predict.agelme.Rd:28: Lost braces in \itemize; \value handles \item{}{} directly checkRd: (-1) predict.agelme.Rd:29: Lost braces in \itemize; \value handles \item{}{} directly checkRd: (-1) randomTF.Rd:97: Lost braces in \itemize; \value handles \item{}{} directly checkRd: (-1) randomTF.Rd:98-99: Lost braces in \itemize; \value handles \item{}{} directly checkRd: (-1) randomTF.Rd:100-103: Lost braces in \itemize; \value handles \item{}{} directly checkRd: (-1) randomTF.Rd:104-105: Lost braces in \itemize; \value handles \item{}{} directly checkRd: (-1) randomTF.Rd:106-107: Lost braces in \itemize; \value handles \item{}{} directly checkRd: (-1) randomTF.Rd:108: Lost braces in \itemize; \value handles \item{}{} directly checkRd: (-1) rne.Rd:46: Lost braces in \itemize; \value handles \item{}{} directly checkRd: (-1) rne.Rd:47-48: Lost braces in \itemize; \value handles \item{}{} directly Flavors: r-devel-linux-x86_64-debian-clang, r-devel-linux-x86_64-debian-gcc, r-devel-linux-x86_64-fedora-clang, r-devel-linux-x86_64-fedora-gcc, r-devel-windows-x86_64, r-patched-linux-x86_64, r-release-linux-x86_64, r-release-macos-arm64, r-release-macos-x86_64, r-release-windows-x86_64

Version: 2.1-3
Check: Rd cross-references
Result: NOTE Found the following Rd file(s) with Rd \link{} targets missing package anchors: Hill.N2.core.Rd: Hill.N2 palaeoSig-package.Rd: rda Please provide package anchors for all Rd \link{} targets not in the package itself and the base packages. Flavor: r-devel-windows-x86_64