CRAN Package Check Results for Package parsnip

Last updated on 2024-07-14 08:48:29 CEST.

Flavor Version Tinstall Tcheck Ttotal Status Flags
r-devel-linux-x86_64-debian-clang 1.2.1 18.75 216.92 235.67 OK
r-devel-linux-x86_64-debian-gcc 1.2.1 19.01 160.46 179.47 OK
r-devel-linux-x86_64-fedora-clang 1.2.1 306.49 NOTE
r-devel-linux-x86_64-fedora-gcc 1.2.1 312.28 OK
r-devel-windows-x86_64 1.2.1 19.00 251.00 270.00 NOTE
r-patched-linux-x86_64 1.2.1 26.97 215.63 242.60 OK
r-release-linux-x86_64 1.2.1 16.61 214.87 231.48 OK
r-release-macos-arm64 1.2.1 82.00 OK
r-release-macos-x86_64 1.2.1 131.00 OK
r-release-windows-x86_64 1.2.1 20.00 247.00 267.00 OK
r-oldrel-macos-arm64 1.2.1 96.00 OK
r-oldrel-macos-x86_64 1.2.1 246.00 OK
r-oldrel-windows-x86_64 1.2.1 27.00 266.00 293.00 OK

Check Details

Version: 1.2.1
Check: Rd cross-references
Result: NOTE Undeclared packages ‘partykit’, ‘Cubist’, ‘rules’, ‘h2o’, ‘agua’, ‘baguette’, ‘ipred’, ‘dbarts’, ‘lightgbm’, ‘bonsai’, ‘mboost’, ‘mda’, ‘sda’, ‘sparsediscrim’, ‘klaR’, ‘workflows’, ‘brulee’, ‘glmnet’, ‘rstan’, ‘rstanarm’, ‘naivebayes’, ‘plsmod’, ‘pscl’, ‘aorsf’, ‘randomForest’, ‘xrf’, ‘flexsurv’, ‘broom’ in Rd xrefs Flavor: r-devel-linux-x86_64-fedora-clang

Version: 1.2.1
Check: Rd cross-references
Result: NOTE Found the following Rd file(s) with Rd \link{} targets missing package anchors: details_survival_reg_flexsurv.Rd: strata details_survival_reg_flexsurvspline.Rd: strata Please provide package anchors for all Rd \link{} targets not in the package itself and the base packages. Flavor: r-devel-windows-x86_64