Last updated on 2025-01-26 01:48:32 CET.
Flavor | Version | Tinstall | Tcheck | Ttotal | Status | Flags |
---|---|---|---|---|---|---|
r-devel-linux-x86_64-debian-clang | 2.12.1 | 54.92 | 366.22 | 421.14 | OK | |
r-devel-linux-x86_64-debian-gcc | 2.12.1 | 36.56 | 259.14 | 295.70 | OK | |
r-devel-linux-x86_64-fedora-clang | 2.12.1 | 692.93 | OK | |||
r-devel-linux-x86_64-fedora-gcc | 2.12.1 | 704.70 | OK | |||
r-devel-windows-x86_64 | 2.12.1 | 57.00 | 372.00 | 429.00 | OK | |
r-patched-linux-x86_64 | 2.12.1 | 56.96 | 351.35 | 408.31 | OK | |
r-release-linux-x86_64 | 2.12.1 | 56.13 | 347.89 | 404.02 | OK | |
r-release-macos-arm64 | 2.12.1 | 182.00 | NOTE | |||
r-release-macos-x86_64 | 2.12.1 | 368.00 | NOTE | |||
r-release-windows-x86_64 | 2.12.1 | 60.00 | 371.00 | 431.00 | NOTE | |
r-oldrel-macos-arm64 | 2.12.1 | 254.00 | NOTE | |||
r-oldrel-macos-x86_64 | 2.12.1 | 346.00 | NOTE | |||
r-oldrel-windows-x86_64 | 2.12.1 | 70.00 | 454.00 | 524.00 | NOTE |
Version: 2.12.1
Check: installed package size
Result: NOTE
installed size is 8.2Mb
sub-directories of 1Mb or more:
doc 1.4Mb
libs 4.2Mb
Flavors: r-release-macos-arm64, r-release-macos-x86_64, r-release-windows-x86_64, r-oldrel-macos-arm64, r-oldrel-macos-x86_64, r-oldrel-windows-x86_64