CRAN Package Check Results for Package phia

Last updated on 2025-01-14 06:56:15 CET.

Flavor Version Tinstall Tcheck Ttotal Status Flags
r-devel-linux-x86_64-debian-clang 0.3-1 7.98 71.92 79.90 NOTE
r-devel-linux-x86_64-debian-gcc 0.3-1 5.15 52.46 57.61 NOTE
r-devel-linux-x86_64-fedora-clang 0.3-1 127.71 OK
r-devel-linux-x86_64-fedora-gcc 0.3-1 143.59 OK
r-devel-windows-x86_64 0.3-1 9.00 119.00 128.00 NOTE
r-patched-linux-x86_64 0.3-1 14.09 67.16 81.25 OK
r-release-linux-x86_64 0.3-1 7.73 65.94 73.67 OK
r-release-macos-arm64 0.3-1 43.00 OK
r-release-macos-x86_64 0.3-1 63.00 OK
r-release-windows-x86_64 0.3-1 11.00 113.00 124.00 OK
r-oldrel-macos-arm64 0.3-1 50.00 OK
r-oldrel-macos-x86_64 0.3-1 133.00 OK
r-oldrel-windows-x86_64 0.3-1 13.00 102.00 115.00 OK

Check Details

Version: 0.3-1
Check: Rd cross-references
Result: NOTE Found the following Rd file(s) with Rd \link{} targets missing package anchors: interactionMeans.Rd: Anova, linearHypothesis testFactors.Rd: linearHypothesis, Anova testInteractions.Rd: Anova, linearHypothesis Please provide package anchors for all Rd \link{} targets not in the package itself and the base packages. Flavors: r-devel-linux-x86_64-debian-clang, r-devel-linux-x86_64-debian-gcc, r-devel-windows-x86_64