CRAN Package Check Results for Package prabclus

Last updated on 2024-07-18 20:49:10 CEST.

Flavor Version Tinstall Tcheck Ttotal Status Flags
r-devel-linux-x86_64-debian-clang 2.3-3 8.06 98.45 106.51 OK
r-devel-linux-x86_64-debian-gcc 2.3-3 6.40 69.36 75.76 OK
r-devel-linux-x86_64-fedora-clang 2.3-3 128.41 OK
r-devel-linux-x86_64-fedora-gcc 2.3-3 120.75 OK
r-devel-windows-x86_64 2.3-3 8.00 99.00 107.00 NOTE
r-patched-linux-x86_64 2.3-3 9.50 89.98 99.48 OK
r-release-linux-x86_64 2.3-3 7.57 93.49 101.06 OK
r-release-macos-arm64 2.3-3 38.00 OK
r-release-macos-x86_64 2.3-3 105.00 OK
r-release-windows-x86_64 2.3-3 9.00 100.00 109.00 OK
r-oldrel-macos-arm64 2.3-3 44.00 OK
r-oldrel-macos-x86_64 2.3-3 105.00 OK
r-oldrel-windows-x86_64 2.3-3 10.00 113.00 123.00 OK

Check Details

Version: 2.3-3
Check: Rd cross-references
Result: NOTE Found the following Rd file(s) with Rd \link{} targets missing package anchors: prabclust.Rd: isoMDS, sammon stressvals.Rd: isoMDS Please provide package anchors for all Rd \link{} targets not in the package itself and the base packages. Flavor: r-devel-windows-x86_64