Last updated on 2024-06-12 19:54:32 CEST.
Flavor | Version | Tinstall | Tcheck | Ttotal | Status | Flags |
---|---|---|---|---|---|---|
r-devel-linux-x86_64-debian-clang | 1.1.0 | 1486.19 | 313.41 | 1799.60 | NOTE | |
r-devel-linux-x86_64-debian-gcc | 1.1.0 | 0.45 | 1.59 | 2.04 | ERROR | |
r-devel-linux-x86_64-fedora-clang | 1.1.0 | 2202.95 | NOTE | |||
r-devel-linux-x86_64-fedora-gcc | 1.1.0 | 3235.55 | NOTE | |||
r-devel-windows-x86_64 | 1.1.0 | 1159.00 | 320.00 | 1479.00 | NOTE | |
r-patched-linux-x86_64 | 1.1.0 | 1076.93 | 433.93 | 1510.86 | NOTE | |
r-release-linux-x86_64 | 1.1.0 | 1172.21 | 428.56 | 1600.77 | NOTE | |
r-release-macos-arm64 | 1.1.0 | 518.00 | NOTE | |||
r-release-macos-x86_64 | 1.1.0 | 541.00 | NOTE | |||
r-release-windows-x86_64 | 1.1.0 | 1189.00 | 336.00 | 1525.00 | NOTE | |
r-oldrel-macos-arm64 | 1.1.0 | 565.00 | NOTE | |||
r-oldrel-macos-x86_64 | 1.1.0 | 551.00 | NOTE | |||
r-oldrel-windows-x86_64 | 1.1.0 | 1434.00 | 422.00 | 1856.00 | NOTE |
Version: 1.1.0
Check: for GNU extensions in Makefiles
Result: NOTE
GNU make is a SystemRequirements.
Flavors: r-devel-linux-x86_64-debian-clang, r-devel-linux-x86_64-fedora-clang, r-devel-linux-x86_64-fedora-gcc, r-devel-windows-x86_64, r-patched-linux-x86_64, r-release-linux-x86_64, r-release-macos-arm64, r-release-macos-x86_64, r-release-windows-x86_64, r-oldrel-macos-arm64, r-oldrel-macos-x86_64, r-oldrel-windows-x86_64
Version: 1.1.0
Check: package dependencies
Result: ERROR
Packages required but not available: 'rstan', 'optmatch', 'overlapping'
Package suggested but not available for checking: ‘testthat’
See section ‘The DESCRIPTION file’ in the ‘Writing R Extensions’
manual.
Flavor: r-devel-linux-x86_64-debian-gcc
Version: 1.1.0
Check: installed package size
Result: NOTE
installed size is 12.2Mb
sub-directories of 1Mb or more:
libs 11.7Mb
Flavors: r-devel-linux-x86_64-fedora-clang, r-devel-windows-x86_64, r-release-macos-arm64, r-release-macos-x86_64, r-release-windows-x86_64, r-oldrel-macos-arm64, r-oldrel-macos-x86_64, r-oldrel-windows-x86_64
Version: 1.1.0
Check: dependencies in R code
Result: NOTE
Namespaces in Imports field not imported from:
‘RcppParallel’ ‘rstantools’
All declared Imports should be used.
Flavors: r-devel-linux-x86_64-fedora-clang, r-devel-linux-x86_64-fedora-gcc