Last updated on 2024-06-12 19:54:33 CEST.
Flavor | Version | Tinstall | Tcheck | Ttotal | Status | Flags |
---|---|---|---|---|---|---|
r-devel-linux-x86_64-debian-clang | 0.1.5 | 2.19 | 22.96 | 25.15 | OK | |
r-devel-linux-x86_64-debian-gcc | 0.1.5 | 1.32 | 16.97 | 18.29 | ERROR | |
r-devel-linux-x86_64-fedora-clang | 0.1.5 | 32.79 | OK | |||
r-devel-linux-x86_64-fedora-gcc | 0.1.5 | 30.87 | OK | |||
r-devel-windows-x86_64 | 0.1.5 | 3.00 | 39.00 | 42.00 | OK | |
r-patched-linux-x86_64 | 0.1.5 | 2.15 | 23.00 | 25.15 | OK | |
r-release-linux-x86_64 | 0.1.5 | 2.03 | 22.29 | 24.32 | OK | |
r-release-macos-arm64 | 0.1.5 | 15.00 | OK | |||
r-release-macos-x86_64 | 0.1.5 | 25.00 | OK | |||
r-release-windows-x86_64 | 0.1.5 | 3.00 | 41.00 | 44.00 | OK | |
r-oldrel-macos-arm64 | 0.1.5 | 17.00 | OK | |||
r-oldrel-macos-x86_64 | 0.1.5 | 22.00 | OK | |||
r-oldrel-windows-x86_64 | 0.1.5 | 3.00 | 41.00 | 44.00 | OK |
Version: 0.1.5
Check: package dependencies
Result: NOTE
Package suggested but not available for checking: ‘testthat’
Flavor: r-devel-linux-x86_64-debian-gcc
Version: 0.1.5
Check: tests
Result: ERROR
Running ‘test-all.R’ [0s/0s]
Running the tests in ‘tests/test-all.R’ failed.
Complete output:
> library(testthat)
Error in library(testthat) : there is no package called 'testthat'
Execution halted
Flavor: r-devel-linux-x86_64-debian-gcc