Last updated on 2024-06-12 19:54:34 CEST.
Flavor | Version | Tinstall | Tcheck | Ttotal | Status | Flags |
---|---|---|---|---|---|---|
r-devel-linux-x86_64-debian-clang | 1.0 | 19.64 | 153.15 | 172.79 | OK | |
r-devel-linux-x86_64-debian-gcc | 1.0 | 0.38 | 1.80 | 2.18 | ERROR | |
r-devel-linux-x86_64-fedora-clang | 1.0 | 213.57 | OK | |||
r-devel-linux-x86_64-fedora-gcc | 1.0 | 199.80 | OK | |||
r-devel-windows-x86_64 | 1.0 | 17.00 | 120.00 | 137.00 | OK | |
r-patched-linux-x86_64 | 1.0 | 24.83 | 144.88 | 169.71 | OK | |
r-release-linux-x86_64 | 1.0 | 15.29 | 144.90 | 160.19 | OK | |
r-release-macos-arm64 | 1.0 | 53.00 | OK | |||
r-release-macos-x86_64 | 1.0 | 77.00 | OK | |||
r-release-windows-x86_64 | 1.0 | 17.00 | 122.00 | 139.00 | OK | |
r-oldrel-macos-arm64 | 1.0 | 65.00 | OK | |||
r-oldrel-macos-x86_64 | 1.0 | 91.00 | OK | |||
r-oldrel-windows-x86_64 | 1.0 | 22.00 | 144.00 | 166.00 | OK |
Version: 1.0
Check: package dependencies
Result: ERROR
Packages required but not available:
'ggplot2', 'tidyr', 'reshape2', 'dplyr', 'lme4', 'plotly', 'refund'
Packages suggested but not available for checking: 'testthat', 'registr'
See section ‘The DESCRIPTION file’ in the ‘Writing R Extensions’
manual.
Flavor: r-devel-linux-x86_64-debian-gcc