Last updated on 2025-01-19 01:48:32 CET.
Flavor | Version | Tinstall | Tcheck | Ttotal | Status | Flags |
---|---|---|---|---|---|---|
r-devel-linux-x86_64-debian-clang | 0.1.0 | 17.17 | 147.74 | 164.91 | NOTE | |
r-devel-linux-x86_64-debian-gcc | 0.1.0 | 12.38 | 101.23 | 113.61 | NOTE | |
r-devel-linux-x86_64-fedora-clang | 0.1.0 | 269.92 | OK | |||
r-devel-linux-x86_64-fedora-gcc | 0.1.0 | 264.99 | OK | |||
r-devel-windows-x86_64 | 0.1.0 | 20.00 | 169.00 | 189.00 | NOTE | |
r-patched-linux-x86_64 | 0.1.0 | 24.80 | 137.54 | 162.34 | OK | |
r-release-linux-x86_64 | 0.1.0 | 15.40 | 138.46 | 153.86 | OK | |
r-release-macos-arm64 | 0.1.0 | 89.00 | OK | |||
r-release-macos-x86_64 | 0.1.0 | 174.00 | OK | |||
r-release-windows-x86_64 | 0.1.0 | 18.00 | 170.00 | 188.00 | OK | |
r-oldrel-macos-arm64 | 0.1.0 | 82.00 | OK | |||
r-oldrel-macos-x86_64 | 0.1.0 | 144.00 | OK | |||
r-oldrel-windows-x86_64 | 0.1.0 | 22.00 | 200.00 | 222.00 | OK |
Version: 0.1.0
Check: Rd cross-references
Result: NOTE
Found the following Rd file(s) with Rd \link{} targets missing package
anchors:
crrRx.Rd: crr
plotuv.Rd: ggplot, ggarrange
rm_covsum.Rd: cramer_v, eta_squared
rm_survdiff.Rd: survfit, survdiff
rm_survsum.Rd: survfit
rm_survtime.Rd: survfit
rm_uvsum.Rd: crr, coxph, lme, geeglm, polr
uvsum.Rd: crr, coxph, lme, geeglm, polr, glm.nb
Please provide package anchors for all Rd \link{} targets not in the
package itself and the base packages.
Flavors: r-devel-linux-x86_64-debian-clang, r-devel-linux-x86_64-debian-gcc, r-devel-windows-x86_64