Last updated on 2024-06-12 19:54:34 CEST.
Flavor | Version | Tinstall | Tcheck | Ttotal | Status | Flags |
---|---|---|---|---|---|---|
r-devel-linux-x86_64-debian-clang | 0.2 | 5.40 | 49.19 | 54.59 | OK | |
r-devel-linux-x86_64-debian-gcc | 0.2 | 0.35 | 1.70 | 2.05 | ERROR | |
r-devel-linux-x86_64-fedora-clang | 0.2 | 71.14 | OK | |||
r-devel-linux-x86_64-fedora-gcc | 0.2 | 63.48 | OK | |||
r-devel-windows-x86_64 | 0.2 | 6.00 | 56.00 | 62.00 | OK | |
r-patched-linux-x86_64 | 0.2 | 5.64 | 48.26 | 53.90 | OK | |
r-release-linux-x86_64 | 0.2 | 5.23 | 47.90 | 53.13 | OK | |
r-release-macos-arm64 | 0.2 | 24.00 | OK | |||
r-release-macos-x86_64 | 0.2 | 34.00 | OK | |||
r-release-windows-x86_64 | 0.2 | 7.00 | 58.00 | 65.00 | OK | |
r-oldrel-macos-arm64 | 0.2 | 23.00 | OK | |||
r-oldrel-macos-x86_64 | 0.2 | 34.00 | OK | |||
r-oldrel-windows-x86_64 | 0.2 | 7.00 | 63.00 | 70.00 | OK |
Version: 0.2
Check: package dependencies
Result: ERROR
Package required but not available: ‘ggplot2’
See section ‘The DESCRIPTION file’ in the ‘Writing R Extensions’
manual.
Flavor: r-devel-linux-x86_64-debian-gcc