Last updated on 2024-06-12 19:54:35 CEST.
Flavor | Version | Tinstall | Tcheck | Ttotal | Status | Flags |
---|---|---|---|---|---|---|
r-devel-linux-x86_64-debian-clang | 0.4.0 | 1.75 | 22.71 | 24.46 | OK | |
r-devel-linux-x86_64-debian-gcc | 0.4.0 | 1.42 | 17.63 | 19.05 | ERROR | |
r-devel-linux-x86_64-fedora-clang | 0.4.0 | 32.38 | OK | |||
r-devel-linux-x86_64-fedora-gcc | 0.4.0 | 30.53 | OK | |||
r-devel-windows-x86_64 | 0.4.0 | 3.00 | 45.00 | 48.00 | OK | |
r-patched-linux-x86_64 | 0.4.0 | 2.00 | 22.52 | 24.52 | OK | |
r-release-linux-x86_64 | 0.4.0 | 1.96 | 22.18 | 24.14 | OK | |
r-release-macos-arm64 | 0.4.0 | 15.00 | OK | |||
r-release-macos-x86_64 | 0.4.0 | 24.00 | OK | |||
r-release-windows-x86_64 | 0.4.0 | 3.00 | 46.00 | 49.00 | OK | |
r-oldrel-macos-arm64 | 0.4.0 | 16.00 | OK | |||
r-oldrel-macos-x86_64 | 0.4.0 | 20.00 | OK | |||
r-oldrel-windows-x86_64 | 0.4.0 | 3.00 | 44.00 | 47.00 | OK |
Version: 0.4.0
Check: package dependencies
Result: NOTE
Package suggested but not available for checking: ‘testthat’
Flavor: r-devel-linux-x86_64-debian-gcc
Version: 0.4.0
Check: tests
Result: ERROR
Running ‘testthat.R’ [0s/0s]
Running the tests in ‘tests/testthat.R’ failed.
Complete output:
> library(testthat)
Error in library(testthat) : there is no package called 'testthat'
Execution halted
Flavor: r-devel-linux-x86_64-debian-gcc