CRAN Package Check Results for Package robfilter

Last updated on 2024-07-12 07:52:51 CEST.

Flavor Version Tinstall Tcheck Ttotal Status Flags
r-devel-linux-x86_64-debian-clang 4.1.4 25.24 100.67 125.91 OK
r-devel-linux-x86_64-debian-gcc 4.1.4 19.13 72.89 92.02 OK
r-devel-linux-x86_64-fedora-clang 4.1.4 168.37 OK
r-devel-linux-x86_64-fedora-gcc 4.1.4 151.54 WARN
r-devel-windows-x86_64 4.1.4 22.00 99.00 121.00 OK
r-patched-linux-x86_64 4.1.4 26.59 96.56 123.15 OK
r-release-linux-x86_64 4.1.4 22.81 96.64 119.45 OK
r-release-macos-arm64 4.1.4 42.00 OK
r-release-macos-x86_64 4.1.4 69.00 OK
r-release-windows-x86_64 4.1.4 22.00 98.00 120.00 OK
r-oldrel-macos-arm64 4.1.4 48.00 OK
r-oldrel-macos-x86_64 4.1.4 106.00 OK
r-oldrel-windows-x86_64 4.1.4 21.00 132.00 153.00 OK

Additional issues

gcc12 noRemap

Check Details

Version: 4.1.4
Check: whether package can be installed
Result: WARN Found the following significant warnings: CircularArray.h:110:19: warning: template-id not allowed for destructor in C++20 [-Wtemplate-id-cdtor] See ‘/data/gannet/ripley/R/packages/tests-devel/robfilter.Rcheck/00install.out’ for details. * used C compiler: ‘gcc-14 (GCC) 14.1.0’ * used C++ compiler: ‘g++-14 (GCC) 14.1.0’ Flavor: r-devel-linux-x86_64-fedora-gcc