CRAN Package Check Results for Package rties

Last updated on 2024-07-14 08:48:33 CEST.

Flavor Version Tinstall Tcheck Ttotal Status Flags
r-devel-linux-x86_64-debian-clang 5.0.0 9.01 207.08 216.09 OK
r-devel-linux-x86_64-debian-gcc 5.0.0 8.03 156.65 164.68 OK
r-devel-linux-x86_64-fedora-clang 5.0.0 276.27 NOTE
r-devel-linux-x86_64-fedora-gcc 5.0.0 286.43 NOTE
r-devel-windows-x86_64 5.0.0 11.00 194.00 205.00 OK
r-patched-linux-x86_64 5.0.0 10.63 200.20 210.83 OK
r-release-linux-x86_64 5.0.0 7.14 201.11 208.25 OK
r-release-macos-arm64 5.0.0 87.00 OK
r-release-macos-x86_64 5.0.0 132.00 OK
r-release-windows-x86_64 5.0.0 11.00 196.00 207.00 OK
r-oldrel-macos-arm64 5.0.0 99.00 OK
r-oldrel-macos-x86_64 5.0.0 153.00 OK
r-oldrel-windows-x86_64 5.0.0 12.00 224.00 236.00 OK

Check Details

Version: 5.0.0
Check: dependencies in R code
Result: NOTE Namespaces in Imports field not imported from: ‘DescTools’ ‘MASS’ ‘gridExtra’ All declared Imports should be used. Flavors: r-devel-linux-x86_64-fedora-clang, r-devel-linux-x86_64-fedora-gcc