Last updated on 2024-06-12 19:54:36 CEST.
Flavor | Version | Tinstall | Tcheck | Ttotal | Status | Flags |
---|---|---|---|---|---|---|
r-devel-linux-x86_64-debian-clang | 0.1.3 | 27.74 | 35.07 | 62.81 | OK | |
r-devel-linux-x86_64-debian-gcc | 0.1.3 | 13.31 | 26.42 | 39.73 | ERROR | |
r-devel-linux-x86_64-fedora-clang | 0.1.3 | 82.46 | OK | |||
r-devel-linux-x86_64-fedora-gcc | 0.1.3 | 92.47 | OK | |||
r-devel-windows-x86_64 | 0.1.3 | 19.00 | 66.00 | 85.00 | OK | |
r-patched-linux-x86_64 | 0.1.3 | 16.39 | 34.87 | 51.26 | OK | |
r-release-linux-x86_64 | 0.1.3 | 21.17 | 35.18 | 56.35 | OK | |
r-release-macos-arm64 | 0.1.3 | 32.00 | OK | |||
r-release-macos-x86_64 | 0.1.3 | 44.00 | OK | |||
r-release-windows-x86_64 | 0.1.3 | 20.00 | 70.00 | 90.00 | OK | |
r-oldrel-macos-arm64 | 0.1.3 | 36.00 | OK | |||
r-oldrel-macos-x86_64 | 0.1.3 | 69.00 | OK | |||
r-oldrel-windows-x86_64 | 0.1.3 | 23.00 | 75.00 | 98.00 | OK |
Version: 0.1.3
Check: package dependencies
Result: NOTE
Package suggested but not available for checking: ‘testthat’
Flavor: r-devel-linux-x86_64-debian-gcc
Version: 0.1.3
Check: tests
Result: ERROR
Running ‘testthat.R’ [0s/1s]
Running the tests in ‘tests/testthat.R’ failed.
Complete output:
> # This file is part of the standard setup for testthat.
> # It is recommended that you do not modify it.
> #
> # Where should you do additional test configuration?
> # Learn more about the roles of various files in:
> # * https://r-pkgs.org/tests.html
> # * https://testthat.r-lib.org/reference/test_package.html#special-files
>
> library(testthat)
Error in library(testthat) : there is no package called 'testthat'
Execution halted
Flavor: r-devel-linux-x86_64-debian-gcc