Last updated on 2025-01-26 01:48:37 CET.
Flavor | Version | Tinstall | Tcheck | Ttotal | Status | Flags |
---|---|---|---|---|---|---|
r-devel-linux-x86_64-debian-clang | 1.0.4 | 3.83 | 22.30 | 26.13 | OK | |
r-devel-linux-x86_64-debian-gcc | 1.0.4 | 2.57 | 18.19 | 20.76 | OK | |
r-devel-linux-x86_64-fedora-clang | 1.0.4 | 41.56 | NOTE | |||
r-devel-linux-x86_64-fedora-gcc | 1.0.4 | 39.91 | NOTE | |||
r-devel-windows-x86_64 | 1.0.4 | 5.00 | 45.00 | 50.00 | OK | |
r-patched-linux-x86_64 | 1.0.4 | 3.29 | 22.04 | 25.33 | OK | |
r-release-linux-x86_64 | 1.0.4 | 3.02 | 21.69 | 24.71 | OK | |
r-release-macos-arm64 | 1.0.4 | 17.00 | OK | |||
r-release-macos-x86_64 | 1.0.4 | 31.00 | OK | |||
r-release-windows-x86_64 | 1.0.4 | 5.00 | 45.00 | 50.00 | OK | |
r-oldrel-macos-arm64 | 1.0.4 | 19.00 | OK | |||
r-oldrel-macos-x86_64 | 1.0.4 | 24.00 | OK | |||
r-oldrel-windows-x86_64 | 1.0.4 | 5.00 | 47.00 | 52.00 | OK |
Version: 1.0.4
Check: compiled code
Result: NOTE
File ‘scout/libs/scout.so’:
Found no calls to: ‘R_registerRoutines’, ‘R_useDynamicSymbols’
It is good practice to register native routines and to disable symbol
search.
See ‘Writing portable packages’ in the ‘Writing R Extensions’ manual.
Flavors: r-devel-linux-x86_64-fedora-clang, r-devel-linux-x86_64-fedora-gcc