CRAN Package Check Results for Package sdPrior

Last updated on 2024-07-25 20:46:30 CEST.

Flavor Version Tinstall Tcheck Ttotal Status Flags
r-devel-linux-x86_64-debian-clang 1.0-0 12.71 100.91 113.62 NOTE
r-devel-linux-x86_64-debian-gcc 1.0-0 8.06 73.44 81.50 NOTE
r-devel-linux-x86_64-fedora-clang 1.0-0 137.51 NOTE
r-devel-linux-x86_64-fedora-gcc 1.0-0 128.72 NOTE
r-devel-windows-x86_64 1.0-0 12.00 90.00 102.00 NOTE
r-patched-linux-x86_64 1.0-0 NOTE
r-release-linux-x86_64 1.0-0 11.07 96.26 107.33 NOTE
r-release-macos-arm64 1.0-0 38.00 NOTE
r-release-macos-x86_64 1.0-0 57.00 NOTE
r-release-windows-x86_64 1.0-0 10.00 90.00 100.00 NOTE
r-oldrel-macos-arm64 1.0-0 44.00 NOTE
r-oldrel-macos-x86_64 1.0-0 69.00 NOTE
r-oldrel-windows-x86_64 1.0-0 13.00 105.00 118.00 NOTE

Check Details

Version: 1.0-0
Check: Rd files
Result: NOTE checkRd: (-1) hyperpar.Rd:17: Lost braces 17 | \item{c}{denotes the expected range of eqn{f} .} | ^ Flavors: r-devel-linux-x86_64-debian-clang, r-devel-linux-x86_64-debian-gcc, r-devel-linux-x86_64-fedora-clang, r-devel-linux-x86_64-fedora-gcc, r-devel-windows-x86_64, r-patched-linux-x86_64, r-release-linux-x86_64, r-release-macos-arm64, r-release-macos-x86_64, r-release-windows-x86_64

Version: 1.0-0
Check: LazyData
Result: NOTE 'LazyData' is specified without a 'data' directory Flavors: r-devel-linux-x86_64-debian-clang, r-devel-linux-x86_64-debian-gcc, r-devel-linux-x86_64-fedora-clang, r-devel-linux-x86_64-fedora-gcc, r-devel-windows-x86_64, r-patched-linux-x86_64, r-release-linux-x86_64, r-release-macos-arm64, r-release-macos-x86_64, r-release-windows-x86_64, r-oldrel-macos-arm64, r-oldrel-macos-x86_64, r-oldrel-windows-x86_64