CRAN Package Check Results for Package shinybrms

Last updated on 2024-07-12 07:52:53 CEST.

Flavor Version Tinstall Tcheck Ttotal Status Flags
r-devel-linux-x86_64-debian-clang 1.8.0 1.87 30.44 32.31 NOTE
r-devel-linux-x86_64-debian-gcc 1.8.0 2.02 24.04 26.06 NOTE
r-devel-linux-x86_64-fedora-clang 1.8.0 47.09 NOTE
r-devel-linux-x86_64-fedora-gcc 1.8.0 27.59 NOTE
r-devel-windows-x86_64 1.8.0 4.00 46.00 50.00 NOTE
r-patched-linux-x86_64 1.8.0 1.79 29.13 30.92 NOTE
r-release-linux-x86_64 1.8.0 1.61 30.76 32.37 NOTE
r-release-macos-arm64 1.8.0 19.00 NOTE
r-release-macos-x86_64 1.8.0 28.00 NOTE
r-release-windows-x86_64 1.8.0 5.00 46.00 51.00 NOTE
r-oldrel-macos-arm64 1.8.0 20.00 NOTE
r-oldrel-macos-x86_64 1.8.0 27.00 NOTE
r-oldrel-windows-x86_64 1.8.0 5.00 46.00 51.00 NOTE

Check Details

Version: 1.8.0
Check: package dependencies
Result: NOTE Package suggested but not available for checking: ‘cmdstanr’ Flavors: r-devel-linux-x86_64-debian-clang, r-devel-linux-x86_64-debian-gcc, r-devel-linux-x86_64-fedora-clang, r-devel-linux-x86_64-fedora-gcc, r-devel-windows-x86_64, r-patched-linux-x86_64, r-release-linux-x86_64, r-release-macos-arm64, r-release-macos-x86_64, r-release-windows-x86_64, r-oldrel-macos-arm64, r-oldrel-macos-x86_64, r-oldrel-windows-x86_64