Last updated on 2024-06-12 19:54:37 CEST.
Flavor | Version | Tinstall | Tcheck | Ttotal | Status | Flags |
---|---|---|---|---|---|---|
r-devel-linux-x86_64-debian-clang | 0.1.0 | 1.45 | 23.28 | 24.73 | NOTE | |
r-devel-linux-x86_64-debian-gcc | 0.1.0 | 1.59 | 17.43 | 19.02 | ERROR | |
r-devel-linux-x86_64-fedora-clang | 0.1.0 | 32.80 | NOTE | |||
r-devel-linux-x86_64-fedora-gcc | 0.1.0 | 30.64 | NOTE | |||
r-devel-windows-x86_64 | 0.1.0 | 3.00 | 41.00 | 44.00 | NOTE | |
r-patched-linux-x86_64 | 0.1.0 | 1.74 | 23.26 | 25.00 | NOTE | |
r-release-linux-x86_64 | 0.1.0 | 1.48 | 23.05 | 24.53 | NOTE | |
r-release-macos-arm64 | 0.1.0 | 16.00 | NOTE | |||
r-release-macos-x86_64 | 0.1.0 | 21.00 | NOTE | |||
r-release-windows-x86_64 | 0.1.0 | 4.00 | 43.00 | 47.00 | NOTE | |
r-oldrel-macos-arm64 | 0.1.0 | 17.00 | OK | |||
r-oldrel-macos-x86_64 | 0.1.0 | 20.00 | OK | |||
r-oldrel-windows-x86_64 | 0.1.0 | 4.00 | 42.00 | 46.00 | OK |
Version: 0.1.0
Check: Rd files
Result: NOTE
checkRd: (-1) run_shinytitle_example.Rd:18: Lost braces in \itemize; meant \describe ?
checkRd: (-1) run_shinytitle_example.Rd:19: Lost braces in \itemize; meant \describe ?
Flavors: r-devel-linux-x86_64-debian-clang, r-devel-linux-x86_64-debian-gcc, r-devel-linux-x86_64-fedora-clang, r-devel-linux-x86_64-fedora-gcc, r-devel-windows-x86_64, r-patched-linux-x86_64, r-release-linux-x86_64, r-release-macos-arm64, r-release-macos-x86_64, r-release-windows-x86_64
Version: 0.1.0
Check: package dependencies
Result: NOTE
Package suggested but not available for checking: ‘testthat’
Flavor: r-devel-linux-x86_64-debian-gcc
Version: 0.1.0
Check: tests
Result: ERROR
Running ‘testthat.R’ [0s/0s]
Running the tests in ‘tests/testthat.R’ failed.
Complete output:
> library(testthat)
Error in library(testthat) : there is no package called 'testthat'
Execution halted
Flavor: r-devel-linux-x86_64-debian-gcc