CRAN Package Check Results for Package simulariatools

Last updated on 2025-06-23 02:50:30 CEST.

Flavor Version Tinstall Tcheck Ttotal Status Flags
r-devel-linux-x86_64-debian-clang 2.5.1 31.42 285.25 316.67 NOTE
r-devel-linux-x86_64-debian-gcc 2.5.1 18.99 178.78 197.77 NOTE
r-devel-linux-x86_64-fedora-clang 2.5.1 515.75 OK
r-devel-linux-x86_64-fedora-gcc 2.5.1 498.70 OK
r-devel-windows-x86_64 2.5.1 28.00 213.00 241.00 NOTE
r-patched-linux-x86_64 2.5.1 30.50 264.17 294.67 NOTE
r-release-linux-x86_64 2.5.1 29.52 261.86 291.38 NOTE
r-release-macos-arm64 2.5.1 108.00 OK
r-release-macos-x86_64 2.5.1 240.00 OK
r-release-windows-x86_64 2.5.1 28.00 211.00 239.00 NOTE
r-oldrel-macos-arm64 2.5.1 100.00 OK
r-oldrel-macos-x86_64 2.5.1 178.00 OK
r-oldrel-windows-x86_64 2.5.1 39.00 308.00 347.00 OK

Check Details

Version: 2.5.1
Check: Rd cross-references
Result: NOTE Found the following Rd file(s) with Rd \link{} targets missing package anchors: stat_hollow_contour.Rd: aes, aes_, borders, layer Please provide package anchors for all Rd \link{} targets not in the package itself and the base packages. Flavors: r-devel-linux-x86_64-debian-clang, r-devel-linux-x86_64-debian-gcc, r-devel-windows-x86_64, r-patched-linux-x86_64, r-release-linux-x86_64, r-release-windows-x86_64