CRAN Package Check Results for Package soptdmaeA

Last updated on 2024-07-20 08:49:53 CEST.

Flavor Version Tinstall Tcheck Ttotal Status Flags
r-devel-linux-x86_64-debian-clang 1.0.0 11.83 82.73 94.56 OK
r-devel-linux-x86_64-debian-gcc 1.0.0 8.38 63.02 71.40 OK
r-devel-linux-x86_64-fedora-clang 1.0.0 118.05 OK
r-devel-linux-x86_64-fedora-gcc 1.0.0 118.66 OK
r-devel-windows-x86_64 1.0.0 10.00 76.00 86.00 NOTE
r-patched-linux-x86_64 1.0.0 14.71 80.08 94.79 OK
r-release-linux-x86_64 1.0.0 11.35 80.69 92.04 OK
r-release-macos-arm64 1.0.0 42.00 OK
r-release-macos-x86_64 1.0.0 56.00 OK
r-release-windows-x86_64 1.0.0 9.00 73.00 82.00 OK
r-oldrel-macos-arm64 1.0.0 41.00 OK
r-oldrel-macos-x86_64 1.0.0 65.00 OK
r-oldrel-windows-x86_64 1.0.0 12.00 86.00 98.00 OK

Check Details

Version: 1.0.0
Check: Rd cross-references
Result: NOTE Found the following Rd file(s) with Rd \link{} targets missing package anchors: graphsoptd.mae.Rd: igraph Please provide package anchors for all Rd \link{} targets not in the package itself and the base packages. Flavor: r-devel-windows-x86_64