CRAN Package Check Results for Package sparseFLMM

Last updated on 2024-07-20 19:53:02 CEST.

Flavor Version Tinstall Tcheck Ttotal Status Flags
r-devel-linux-x86_64-debian-clang 0.4.1 13.77 144.65 158.42 NOTE
r-devel-linux-x86_64-debian-gcc 0.4.1 13.33 106.71 120.04 NOTE
r-devel-linux-x86_64-fedora-clang 0.4.1 200.43 NOTE
r-devel-linux-x86_64-fedora-gcc 0.4.1 201.36 NOTE
r-devel-windows-x86_64 0.4.1 15.00 112.00 127.00 NOTE
r-patched-linux-x86_64 0.4.1 24.56 140.51 165.07 NOTE
r-release-linux-x86_64 0.4.1 12.57 138.63 151.20 NOTE
r-release-macos-arm64 0.4.1 54.00 NOTE
r-release-macos-x86_64 0.4.1 78.00 NOTE
r-release-windows-x86_64 0.4.1 14.00 111.00 125.00 NOTE
r-oldrel-macos-arm64 0.4.1 60.00 NOTE
r-oldrel-macos-x86_64 0.4.1 75.00 NOTE
r-oldrel-windows-x86_64 0.4.1 19.00 136.00 155.00 NOTE

Check Details

Version: 0.4.1
Check: package subdirectories
Result: NOTE Problems with news in ‘NEWS.md’: No news entries found. Flavors: r-devel-linux-x86_64-debian-clang, r-devel-linux-x86_64-debian-gcc, r-devel-linux-x86_64-fedora-clang, r-devel-linux-x86_64-fedora-gcc, r-devel-windows-x86_64, r-patched-linux-x86_64, r-release-linux-x86_64, r-release-macos-arm64, r-release-macos-x86_64, r-release-windows-x86_64, r-oldrel-macos-arm64, r-oldrel-macos-x86_64, r-oldrel-windows-x86_64

Version: 0.4.1
Check: Rd cross-references
Result: NOTE Found the following Rd file(s) with Rd \link{} targets missing package anchors: sparseFLMM.Rd: mgcv, s, te, bam, pffr Please provide package anchors for all Rd \link{} targets not in the package itself and the base packages. Flavor: r-devel-windows-x86_64