Last updated on 2025-01-25 13:51:20 CET.
Flavor | Version | Tinstall | Tcheck | Ttotal | Status | Flags |
---|---|---|---|---|---|---|
r-devel-linux-x86_64-debian-clang | 0.3.3.7 | 24.27 | 77.66 | 101.93 | NOTE | |
r-devel-linux-x86_64-debian-gcc | 0.3.3.7 | 16.89 | 57.76 | 74.65 | NOTE | |
r-devel-linux-x86_64-fedora-clang | 0.3.3.7 | 174.36 | NOTE | |||
r-devel-linux-x86_64-fedora-gcc | 0.3.3.7 | 185.46 | NOTE | |||
r-devel-windows-x86_64 | 0.3.3.7 | 26.00 | 133.00 | 159.00 | NOTE | |
r-patched-linux-x86_64 | 0.3.3.7 | 24.08 | 73.27 | 97.35 | NOTE | |
r-release-linux-x86_64 | 0.3.3.7 | 21.68 | 71.96 | 93.64 | NOTE | |
r-release-macos-arm64 | 0.3.3.7 | 57.00 | NOTE | |||
r-release-macos-x86_64 | 0.3.3.7 | 87.00 | NOTE | |||
r-release-windows-x86_64 | 0.3.3.7 | 27.00 | 138.00 | 165.00 | NOTE | |
r-oldrel-macos-arm64 | 0.3.3.7 | 66.00 | NOTE | |||
r-oldrel-macos-x86_64 | 0.3.3.7 | 97.00 | NOTE | |||
r-oldrel-windows-x86_64 | 0.3.3.7 | 32.00 | 147.00 | 179.00 | NOTE |
Version: 0.3.3.7
Check: C++ specification
Result: NOTE
Specified C++11: please drop specification unless essential
Flavors: r-devel-linux-x86_64-debian-clang, r-devel-linux-x86_64-debian-gcc, r-devel-linux-x86_64-fedora-clang, r-devel-linux-x86_64-fedora-gcc, r-devel-windows-x86_64, r-patched-linux-x86_64, r-release-linux-x86_64, r-release-macos-arm64, r-release-macos-x86_64, r-release-windows-x86_64, r-oldrel-macos-arm64, r-oldrel-macos-x86_64, r-oldrel-windows-x86_64
Version: 0.3.3.7
Check: Rd files
Result: NOTE
checkRd: (-1) Coord.to.Pointers.Rd:54: Lost braces; missing escapes or markup?
54 | \item{triangle=TRUE}{Input \code{rows} and {cols} represent lower
| ^
checkRd: (-1) Coord.to.Pointers.Rd:59: Lost braces; missing escapes or markup?
59 | \item{triangle=FALSE}{Input \code{rows} and {cols} represent a full
| ^
Flavors: r-devel-linux-x86_64-debian-clang, r-devel-linux-x86_64-debian-gcc, r-devel-linux-x86_64-fedora-clang, r-devel-linux-x86_64-fedora-gcc, r-devel-windows-x86_64, r-patched-linux-x86_64, r-release-linux-x86_64, r-release-macos-arm64, r-release-macos-x86_64, r-release-windows-x86_64