CRAN Package Check Results for Package sparsereg

Last updated on 2024-07-12 07:52:53 CEST.

Flavor Version Tinstall Tcheck Ttotal Status Flags
r-devel-linux-x86_64-debian-clang 1.2 82.27 120.75 203.02 NOTE
r-devel-linux-x86_64-debian-gcc 1.2 57.84 89.48 147.32 NOTE
r-devel-linux-x86_64-fedora-clang 1.2 289.65 NOTE
r-devel-linux-x86_64-fedora-gcc 1.2 287.20 NOTE
r-devel-windows-x86_64 1.2 66.00 113.00 179.00 NOTE
r-patched-linux-x86_64 1.2 69.86 117.17 187.03 NOTE
r-release-linux-x86_64 1.2 63.64 118.62 182.26 NOTE
r-release-macos-arm64 1.2 60.00 NOTE
r-release-macos-x86_64 1.2 97.00 NOTE
r-release-windows-x86_64 1.2 66.00 118.00 184.00 NOTE
r-oldrel-macos-arm64 1.2 73.00 OK
r-oldrel-macos-x86_64 1.2 125.00 OK
r-oldrel-windows-x86_64 1.2 80.00 147.00 227.00 OK

Check Details

Version: 1.2
Check: Rd files
Result: NOTE checkRd: (-1) plot.sparsereg.Rd:22-23: Lost braces 22 | \env{main1, main2, main3}{ | ^ checkRd: (-1) plot.sparsereg.Rd:25-27: Lost braces 25 | \env{xlabel}{ | ^ checkRd: (-1) plot.sparsereg.Rd:29-31: Lost braces 29 | \env{plot.one}{ | ^ checkRd: (-1) summary.sparsereg.Rd:27-29: Lost braces 27 | \env{interval}{ | ^ checkRd: (-1) summary.sparsereg.Rd:31-33: Lost braces 31 | \env{ci}{ | ^ checkRd: (-1) summary.sparsereg.Rd:35-37: Lost braces 35 | \env{order}{ | ^ checkRd: (-1) summary.sparsereg.Rd:39-41: Lost braces 39 | \env{normal}{ | ^ checkRd: (-1) summary.sparsereg.Rd:43-45: Lost braces 43 | \env{select}{ | ^ checkRd: (-1) summary.sparsereg.Rd:47-48: Lost braces 47 | \env{printit}{ | ^ checkRd: (-1) summary.sparsereg.Rd:50-52: Lost braces 50 | \env{stage}{ | ^ Flavors: r-devel-linux-x86_64-debian-clang, r-devel-linux-x86_64-debian-gcc, r-devel-linux-x86_64-fedora-clang, r-devel-linux-x86_64-fedora-gcc, r-devel-windows-x86_64, r-patched-linux-x86_64, r-release-linux-x86_64, r-release-macos-arm64, r-release-macos-x86_64, r-release-windows-x86_64

Version: 1.2
Check: compiled code
Result: NOTE File ‘sparsereg/libs/sparsereg.so’: Found no calls to: ‘R_registerRoutines’, ‘R_useDynamicSymbols’ It is good practice to register native routines and to disable symbol search. See ‘Writing portable packages’ in the ‘Writing R Extensions’ manual. Flavors: r-devel-linux-x86_64-fedora-clang, r-devel-linux-x86_64-fedora-gcc